{"id":10,"date":"2017-03-30T21:05:09","date_gmt":"2017-03-30T21:05:09","guid":{"rendered":"http:\/\/www.spky.fi\/wopr\/?page_id=10"},"modified":"2025-08-09T17:01:59","modified_gmt":"2025-08-09T17:01:59","slug":"aluevastaavat","status":"publish","type":"page","link":"https:\/\/www.spky.fi\/wopr\/aluevastaavat\/","title":{"rendered":"Aluevastaavat"},"content":{"rendered":"<div id=\"pagewrapper\">\n<p>Aluevastaava on paimenkoira-aktiivi, joka on yhdistyksen kouluttama,\u00a0tuntee oman alueensa paimenkoira-asiat ja on halukas kouttamaan ty\u00f6ss\u00e4\u00e4n paimenkoiraa tarvitsevia. Aluevastaava tuntee my\u00f6s yhdistyksen toiminnan. H\u00e4nelt\u00e4 voit pyyt\u00e4\u00e4 apua suunnitellessasi paimenkoiran hankintaa, etsiess\u00e4si\u00a0harjoituspaikkaa tai kun tarvitset tietoa erilaisissa paimenkoiria koskevissa asioissa, kuten ruokinnassa, koiran k\u00e4ytt\u00e4ytymisess\u00e4 ty\u00f6ss\u00e4, pennun valinnassa tai paimenkoiran k\u00e4ytt\u00f6\u00f6n liittyviss\u00e4 ongelmissa.<\/p>\n<div id=\"content\">\n<div class=\"back1\">\n<div class=\"back2\">\n<div class=\"back3\">\n<div id=\"main\">\n<p>Aluevastaavat j\u00e4rjest\u00e4v\u00e4t\u00a0treenej\u00e4 ja kursseja joko itse tai yhdess\u00e4 l\u00e4hiseudun muiden tilojen kanssa. Harjoitus- ja koulutustoiminta on ollut viime vuosina aktiivista, ja sen my\u00f6t\u00e4 koulutettujen ja t\u00f6iss\u00e4\u00e4n hyvin toimivien koirien m\u00e4\u00e4r\u00e4 n\u00e4ytt\u00e4isi olevan lupaavassa kasvussa.<\/p>\n<h4>Varsinais-Suomi ja Etel\u00e4-H\u00e4me<\/h4>\n<p><img loading=\"lazy\" decoding=\"async\" class=\"alignright\" src=\"http:\/\/www.spky.fi\/cmsms\/uploads\/images\/aluevastaavat\/PetejaMitch250.jpg\" alt=\"\" width=\"168\" height=\"186\" \/>Lounaisessa Suomessa aluevastaavina toimivat <strong>Nina<\/strong> ja<strong> Petri Keski-Korpela<\/strong> Valkeakoskelta. Pete on k\u00e4ynyt auttamassa tiloilla tilallisia heid\u00e4n koiriensa kouluttamisessa ja ollut kursseilla vierailevana kouluttajana. Jos haluat j\u00e4rjest\u00e4\u00e4 kurssin omalla tilallasi, mutta kouluttaja puuttuu, niin ota yhteytt\u00e4.<\/p>\n<p>Ninalta ja Petelt\u00e4 voi kysy\u00e4 apua kaikenlaisiin paimennuspulmiin. Jos\u00a0vastausta ei l\u00f6ydy heti, he auttavat etsim\u00e4\u00e4n sen tahon, josta vastaus l\u00f6ytyy. Koulutuksessa pystyt\u00e4\u00e4n auttamaan l\u00e4hinn\u00e4 bordercollieita ja kelpieit\u00e4.\u00a0Ninan tavoittaa puhelinnumerosta 040 &#8211; 529 3926, s\u00e4hk\u00f6postitse: nina.keskikorpela(at)gmail.com ja\u00a0Petrin puhelimesta 050 &#8211; 563 4979, s\u00e4hk\u00f6postitse\u00a0petri.keskikorpela(at)gmail.com.<\/p>\n<h4><strong>It\u00e4-Uusimaa<\/strong><\/h4>\n<p><img loading=\"lazy\" decoding=\"async\" class=\"alignright\" title=\"Nilla\" src=\"http:\/\/spky.fi\/cmsms\/uploads\/images\/aluevastaavat\/nillauusi150.jpg\" alt=\"\" width=\"135\" height=\"200\" \/>It\u00e4-Uudellamaalla aluevastaavana toimii <strong>Nilla Salonen, <\/strong>jonka<strong>\u00a0<\/strong>perinnebiotooppialueita hoitaa\u00a040 uuhta, joista osa toimii harjoituslampaina treeneiss\u00e4. Harjoituksia h\u00e4n j\u00e4rjest\u00e4\u00e4 s\u00e4\u00e4nn\u00f6llisesti. Parasta treeniaikaa on talvi, joten se kannattaa hy\u00f6dynt\u00e4\u00e4. Nillan tavoittaapuhelimesta 040 &#8211; 722 2917 ja s\u00e4hk\u00f6postitse nilla.salonen(at)elisanet.fi.<\/p>\n<h4>Kymenlaakso<\/h4>\n<p><img loading=\"lazy\" decoding=\"async\" class=\"alignright\" src=\"http:\/\/spky.fi\/cmsms\/uploads\/images\/aluevastaavat\/Katri%20150.jpg\" alt=\"\" width=\"141\" height=\"180\" \/><strong>Piilolan Katri<\/strong> toimii aluevastaavana Kymenlaaksossa ja h\u00e4nen treenipeltonsa l\u00f6ytyy lypsykarjatilalta Haminasta.\u00a0Kymenlaaksossa on useita aktiivisia harjoittelijoita ja kilpailijoita, joten seudulla saa sek\u00e4 neuvoja ett\u00e4 henkist\u00e4 tukea isommalta tiimilt\u00e4. Katrilla j\u00e4rjestyv\u00e4t sek\u00e4 nauta- ett\u00e4 lammastreenit.\u00a0My\u00f6s kursseja on j\u00e4rjestetty ohjaajille ja koirille.<\/p>\n<p>Katri ottaa koiria my\u00f6s koulutukseen, jos omat taidot eiv\u00e4t tunnu riitt\u00e4v\u00e4n. Katri on SPKY:n jalostustoimikunnassa, hoitaa SPKY:n bordercollieiden pentuv\u00e4lityst\u00e4 ja rekisteri\u00e4, eli h\u00e4n on todellinen tietol\u00e4hde koiraa etsiville. Katrin tavoittaa puhelimesta 050 &#8211; 563 6348 ja s\u00e4hk\u00f6postitse osoitteesta katri.piilola(at)live.fi.<\/p>\n<h4>Pohjois-H\u00e4me ja Etel\u00e4-Pohjanmaa<\/h4>\n<p><img loading=\"lazy\" decoding=\"async\" class=\"alignright\" title=\"Jatta\" src=\"http:\/\/spky.fi\/cmsms\/uploads\/images\/aluevastaavat\/jattauusi150.jpg\" alt=\"\" width=\"135\" height=\"195\" \/>Pohjois-H\u00e4meen ja Etel\u00e4-Pohjanmaan alueella toimii <strong>Marjatta Jaatinen<\/strong> Juupajoelta. H\u00e4nelt\u00e4 saa neuvoja alkuun p\u00e4\u00e4semiseksi. Jatalla on treeniin sopivia nuoria uuhia ymp\u00e4ri vuoden. Aivan aloittelijoita h\u00e4n ei pysty ottamaan treenaamaan, koska oma loukkaantunut polvi ei kest\u00e4 juoksemista. Marjatan puhelinnumero on 050 &#8211; 381 5161 ja s\u00e4hk\u00f6posti marjatta.jaatinen(at)elisanet.fi.<\/p>\n<h4>Savo<\/h4>\n<p><img loading=\"lazy\" decoding=\"async\" class=\"alignright\" src=\"http:\/\/spky.fi\/cmsms\/uploads\/images\/aluevastaavat\/Hessu%20150.jpg\" alt=\"\" width=\"150\" height=\"195\" \/>Savon syd\u00e4mess\u00e4 Juvalla toimii <strong>Heikki Teittinen,<\/strong> joka on saanut innostettua l\u00e4hiseudun karjaihmiset treenaamaan talvikaudella viikoittain. Harjoittelu on niin systemaattista, ett\u00e4 koirien kehityksest\u00e4 pidet\u00e4\u00e4n treenip\u00e4iv\u00e4kirjaa, jolloin jokainen voi n\u00e4hd\u00e4 oman ja koiransa kehittymisen. Harjoitusel\u00e4imin\u00e4 ovat naudat eli eri-ik\u00e4iset vasikat ja hiehot. Lammastreenej\u00e4 on j\u00e4rjestetty l\u00e4hiseudun lammastiloilla.<\/p>\n<p>Heikin tavoittaa puhelinnumerosta 0400 &#8211; 752 780 ja s\u00e4hk\u00f6postitse osoitteesta heikki.teittinen(at)muumaa.fi.<br \/>\nJuvan seutukunnalla harjoituspaikkoja on useita ja paimenkoiratoiminta harjoituksineen, kursseineen ja kilpailuineen on ollut vilkasta ja vakiintunutta jo parikymment\u00e4 vuotta.<\/p>\n<h4>Pohjois-Savo ja Kainuu<\/h4>\n<p>Pohjois-Savon ja Kainuun rajamailla Nilsi\u00e4ss\u00e4, Vierem\u00e4ll\u00e4, Sonkaj\u00e4rvell\u00e4 ja l\u00e4hikuntien alueella on aktiivisten karjaihmisten tiimi, joka on harjoitellut s\u00e4\u00e4nn\u00f6llisesti ja auttanut erityisesti aloittelevia ohjaajia ja koiria opin tielle. Alueellisina yhdyshenkil\u00f6in\u00e4 ja tietol\u00e4htein\u00e4 toimivat nyt <strong>Eija Huusko, Mintti Lindsberg<\/strong> ja <strong>Heli Laajalahti<\/strong>.<\/p>\n<p>Eija vaikuttaa Halunassa ja h\u00e4net tavoittaa numerosta 044-5523 207 ja s\u00e4hk\u00f6postitse osoitteesta maalainen75(at)gmail.com. Mintti asuu Rautalammilla ja h\u00e4net tavoittaa s\u00e4hk\u00f6postitse osoitteesta mintti(at)pp1.netsor.fi ja puhelimitse numerosta 040-5808704. Heli toimii Iisalmessa ja h\u00e4net tavoittaa numerosta 044 -074 1890 ja s\u00e4hk\u00f6postitse heli.laajalahti(at)gmail.com. Alueen porukka pit\u00e4\u00e4 yhteytt\u00e4 facebookissa ryhm\u00e4ss\u00e4, jonka l\u00f6yt\u00e4\u00e4 osoitteesta www.facebook.com\/Paimennustreenit.<\/p>\n<h4>Keski-Pohjanmaa<\/h4>\n<h4><img loading=\"lazy\" decoding=\"async\" class=\"alignright\" title=\"Hanna-Mari\" src=\"http:\/\/spky.fi\/cmsms\/uploads\/images\/aluevastaavat\/Hannamari.jpg\" alt=\"\" width=\"150\" height=\"182\" \/><\/h4>\n<p>Keski-Pohjanmaalla aluevastaavana toimii <strong>Hanna-Mari Laitala<\/strong> Kannuksesta. Hanna-Mari on johtajana Keski-Pohjanmaan \u00a0koulutusyhtym\u00e4ss\u00e4 Kannuksen yksik\u00f6n kennellinjalla. Hanna-Marin puhelinnumero on 050 &#8211; 542 4206 ja s\u00e4hk\u00f6posti hanna-mari.laitala(at)kpedu.fi.<\/p>\n<h4>Pohjois-Pohjanmaa<\/h4>\n<p>Pohjois-Pohjanmaalla neuvoja ja harjoituksia voi kysell\u00e4 Terhi K\u00e4lk\u00e4j\u00e4lt\u00e4 Oulaisista. Yhteystiedot Sivakan tila, Sivakantie 341, 86300 Oulainen. Puh. 044 3264826, s\u00e4hk\u00f6posti terhi.kalkaja@gmail.com<\/p>\n<h4>Lappi<\/h4>\n<p><a href=\"https:\/\/www.spky.fi\/wopr\/wp-content\/uploads\/2023\/09\/Jani-Hurme.jpg\"><img loading=\"lazy\" decoding=\"async\" class=\" wp-image-5397 alignright\" src=\"https:\/\/www.spky.fi\/wopr\/wp-content\/uploads\/2023\/09\/Jani-Hurme.jpg\" alt=\"\" width=\"149\" height=\"161\" srcset=\"https:\/\/www.spky.fi\/wopr\/wp-content\/uploads\/2023\/09\/Jani-Hurme.jpg 502w, https:\/\/www.spky.fi\/wopr\/wp-content\/uploads\/2023\/09\/Jani-Hurme-278x300.jpg 278w\" sizes=\"auto, (max-width: 149px) 100vw, 149px\" \/><\/a>Lapin aluevastaavana toimii Jani Hurme. Jani j\u00e4rjest\u00e4\u00e4 kursseja ja koulutuksia. Janin tavoittaa puhelimitse numerosta 045 1887125 ja s\u00e4hk\u00f6postitse osoitteesta jani.s.hurme(at)gmail.com.<\/p>\n<\/div>\n<\/div>\n<\/div>\n<\/div>\n<\/div>\n<div class=\"footback\">\u00a0<\/div>\n<\/div>\n","protected":false},"excerpt":{"rendered":"<p>Aluevastaava on paimenkoira-aktiivi, joka on yhdistyksen kouluttama,\u00a0tuntee oman alueensa paimenkoira-asiat ja on halukas kouttamaan ty\u00f6ss\u00e4\u00e4n paimenkoiraa tarvitsevia. Aluevastaava tuntee my\u00f6s yhdistyksen toiminnan. H\u00e4nelt\u00e4 voit pyyt\u00e4\u00e4 apua suunnitellessasi paimenkoiran hankintaa, etsiess\u00e4si\u00a0harjoituspaikkaa tai kun tarvitset tietoa erilaisissa paimenkoiria koskevissa asioissa, kuten ruokinnassa, koiran k\u00e4ytt\u00e4ytymisess\u00e4 ty\u00f6ss\u00e4, pennun valinnassa tai paimenkoiran k\u00e4ytt\u00f6\u00f6n liittyviss\u00e4 ongelmissa. Aluevastaavat j\u00e4rjest\u00e4v\u00e4t\u00a0treenej\u00e4 ja kursseja joko &hellip; <a href=\"https:\/\/www.spky.fi\/wopr\/aluevastaavat\/\" class=\"more-link\">Jatka lukemista <span class=\"screen-reader-text\">Aluevastaavat<\/span> <span class=\"meta-nav\">&rarr;<\/span><\/a><\/p>\n","protected":false},"author":1,"featured_media":0,"parent":0,"menu_order":0,"comment_status":"closed","ping_status":"closed","template":"","meta":{"jetpack_post_was_ever_published":false,"footnotes":""},"class_list":["post-10","page","type-page","status-publish","hentry"],"yoast_head":"<!-- This site is optimized with the Yoast SEO plugin v27.4 - https:\/\/yoast.com\/product\/yoast-seo-wordpress\/ -->\n<title>Aluevastaavat - Suomen Paimenkoirayhdistys ry<\/title>\n<meta name=\"robots\" content=\"index, follow, max-snippet:-1, max-image-preview:large, max-video-preview:-1\" \/>\n<link rel=\"canonical\" href=\"https:\/\/www.spky.fi\/wopr\/aluevastaavat\/\" \/>\n<meta property=\"og:locale\" content=\"fi_FI\" \/>\n<meta property=\"og:type\" content=\"article\" \/>\n<meta property=\"og:title\" content=\"Aluevastaavat - Suomen Paimenkoirayhdistys ry\" \/>\n<meta property=\"og:description\" content=\"Aluevastaava on paimenkoira-aktiivi, joka on yhdistyksen kouluttama,\u00a0tuntee oman alueensa paimenkoira-asiat ja on halukas kouttamaan ty\u00f6ss\u00e4\u00e4n paimenkoiraa tarvitsevia. Aluevastaava tuntee my\u00f6s yhdistyksen toiminnan. H\u00e4nelt\u00e4 voit pyyt\u00e4\u00e4 apua suunnitellessasi paimenkoiran hankintaa, etsiess\u00e4si\u00a0harjoituspaikkaa tai kun tarvitset tietoa erilaisissa paimenkoiria koskevissa asioissa, kuten ruokinnassa, koiran k\u00e4ytt\u00e4ytymisess\u00e4 ty\u00f6ss\u00e4, pennun valinnassa tai paimenkoiran k\u00e4ytt\u00f6\u00f6n liittyviss\u00e4 ongelmissa. Aluevastaavat j\u00e4rjest\u00e4v\u00e4t\u00a0treenej\u00e4 ja kursseja joko &hellip; Jatka lukemista Aluevastaavat &rarr;\" \/>\n<meta property=\"og:url\" content=\"https:\/\/www.spky.fi\/wopr\/aluevastaavat\/\" \/>\n<meta property=\"og:site_name\" content=\"Suomen Paimenkoirayhdistys ry\" \/>\n<meta property=\"article:publisher\" content=\"https:\/\/www.facebook.com\/SuomenPaimenkoirayhdistys\" \/>\n<meta property=\"article:modified_time\" content=\"2025-08-09T17:01:59+00:00\" \/>\n<meta property=\"og:image\" content=\"http:\/\/www.spky.fi\/cmsms\/uploads\/images\/aluevastaavat\/PetejaMitch250.jpg\" \/>\n<meta name=\"twitter:card\" content=\"summary_large_image\" \/>\n<meta name=\"twitter:label1\" content=\"Arvioitu lukuaika\" \/>\n\t<meta name=\"twitter:data1\" content=\"5 minuuttia\" \/>\n<script type=\"application\/ld+json\" class=\"yoast-schema-graph\">{\"@context\":\"https:\\\/\\\/schema.org\",\"@graph\":[{\"@type\":\"WebPage\",\"@id\":\"https:\\\/\\\/www.spky.fi\\\/wopr\\\/aluevastaavat\\\/\",\"url\":\"https:\\\/\\\/www.spky.fi\\\/wopr\\\/aluevastaavat\\\/\",\"name\":\"Aluevastaavat - Suomen Paimenkoirayhdistys ry\",\"isPartOf\":{\"@id\":\"https:\\\/\\\/www.spky.fi\\\/wopr\\\/#website\"},\"primaryImageOfPage\":{\"@id\":\"https:\\\/\\\/www.spky.fi\\\/wopr\\\/aluevastaavat\\\/#primaryimage\"},\"image\":{\"@id\":\"https:\\\/\\\/www.spky.fi\\\/wopr\\\/aluevastaavat\\\/#primaryimage\"},\"thumbnailUrl\":\"http:\\\/\\\/www.spky.fi\\\/cmsms\\\/uploads\\\/images\\\/aluevastaavat\\\/PetejaMitch250.jpg\",\"datePublished\":\"2017-03-30T21:05:09+00:00\",\"dateModified\":\"2025-08-09T17:01:59+00:00\",\"breadcrumb\":{\"@id\":\"https:\\\/\\\/www.spky.fi\\\/wopr\\\/aluevastaavat\\\/#breadcrumb\"},\"inLanguage\":\"fi\",\"potentialAction\":[{\"@type\":\"ReadAction\",\"target\":[\"https:\\\/\\\/www.spky.fi\\\/wopr\\\/aluevastaavat\\\/\"]}]},{\"@type\":\"ImageObject\",\"inLanguage\":\"fi\",\"@id\":\"https:\\\/\\\/www.spky.fi\\\/wopr\\\/aluevastaavat\\\/#primaryimage\",\"url\":\"http:\\\/\\\/www.spky.fi\\\/cmsms\\\/uploads\\\/images\\\/aluevastaavat\\\/PetejaMitch250.jpg\",\"contentUrl\":\"http:\\\/\\\/www.spky.fi\\\/cmsms\\\/uploads\\\/images\\\/aluevastaavat\\\/PetejaMitch250.jpg\"},{\"@type\":\"BreadcrumbList\",\"@id\":\"https:\\\/\\\/www.spky.fi\\\/wopr\\\/aluevastaavat\\\/#breadcrumb\",\"itemListElement\":[{\"@type\":\"ListItem\",\"position\":1,\"name\":\"Etusivu\",\"item\":\"https:\\\/\\\/www.spky.fi\\\/wopr\\\/\"},{\"@type\":\"ListItem\",\"position\":2,\"name\":\"Aluevastaavat\"}]},{\"@type\":\"WebSite\",\"@id\":\"https:\\\/\\\/www.spky.fi\\\/wopr\\\/#website\",\"url\":\"https:\\\/\\\/www.spky.fi\\\/wopr\\\/\",\"name\":\"Suomen Paimenkoirayhdistys ry\",\"description\":\"Suomen Paimenkoirayhdistys edist&auml;&auml; paimenkoirien ty&ouml;k&auml;ytt&ouml;&auml;. Yhdistys auttaa paimenkoirakurssien, harjoitusten, kilpailujen ja n&auml;yt&ouml;sten j&auml;rjest&auml;misess&auml;.\",\"publisher\":{\"@id\":\"https:\\\/\\\/www.spky.fi\\\/wopr\\\/#organization\"},\"potentialAction\":[{\"@type\":\"SearchAction\",\"target\":{\"@type\":\"EntryPoint\",\"urlTemplate\":\"https:\\\/\\\/www.spky.fi\\\/wopr\\\/?s={search_term_string}\"},\"query-input\":{\"@type\":\"PropertyValueSpecification\",\"valueRequired\":true,\"valueName\":\"search_term_string\"}}],\"inLanguage\":\"fi\"},{\"@type\":\"Organization\",\"@id\":\"https:\\\/\\\/www.spky.fi\\\/wopr\\\/#organization\",\"name\":\"Suomen Paimenkoirayhdistys ry\",\"url\":\"https:\\\/\\\/www.spky.fi\\\/wopr\\\/\",\"logo\":{\"@type\":\"ImageObject\",\"inLanguage\":\"fi\",\"@id\":\"https:\\\/\\\/www.spky.fi\\\/wopr\\\/#\\\/schema\\\/logo\\\/image\\\/\",\"url\":\"https:\\\/\\\/www.spky.fi\\\/wopr\\\/wp-content\\\/uploads\\\/2024\\\/06\\\/SPKY_MUVA_PNG.png\",\"contentUrl\":\"https:\\\/\\\/www.spky.fi\\\/wopr\\\/wp-content\\\/uploads\\\/2024\\\/06\\\/SPKY_MUVA_PNG.png\",\"width\":3201,\"height\":3126,\"caption\":\"Suomen Paimenkoirayhdistys ry\"},\"image\":{\"@id\":\"https:\\\/\\\/www.spky.fi\\\/wopr\\\/#\\\/schema\\\/logo\\\/image\\\/\"},\"sameAs\":[\"https:\\\/\\\/www.facebook.com\\\/SuomenPaimenkoirayhdistys\"]}]}<\/script>\n<!-- \/ Yoast SEO plugin. -->","yoast_head_json":{"title":"Aluevastaavat - Suomen Paimenkoirayhdistys ry","robots":{"index":"index","follow":"follow","max-snippet":"max-snippet:-1","max-image-preview":"max-image-preview:large","max-video-preview":"max-video-preview:-1"},"canonical":"https:\/\/www.spky.fi\/wopr\/aluevastaavat\/","og_locale":"fi_FI","og_type":"article","og_title":"Aluevastaavat - Suomen Paimenkoirayhdistys ry","og_description":"Aluevastaava on paimenkoira-aktiivi, joka on yhdistyksen kouluttama,\u00a0tuntee oman alueensa paimenkoira-asiat ja on halukas kouttamaan ty\u00f6ss\u00e4\u00e4n paimenkoiraa tarvitsevia. Aluevastaava tuntee my\u00f6s yhdistyksen toiminnan. H\u00e4nelt\u00e4 voit pyyt\u00e4\u00e4 apua suunnitellessasi paimenkoiran hankintaa, etsiess\u00e4si\u00a0harjoituspaikkaa tai kun tarvitset tietoa erilaisissa paimenkoiria koskevissa asioissa, kuten ruokinnassa, koiran k\u00e4ytt\u00e4ytymisess\u00e4 ty\u00f6ss\u00e4, pennun valinnassa tai paimenkoiran k\u00e4ytt\u00f6\u00f6n liittyviss\u00e4 ongelmissa. Aluevastaavat j\u00e4rjest\u00e4v\u00e4t\u00a0treenej\u00e4 ja kursseja joko &hellip; Jatka lukemista Aluevastaavat &rarr;","og_url":"https:\/\/www.spky.fi\/wopr\/aluevastaavat\/","og_site_name":"Suomen Paimenkoirayhdistys ry","article_publisher":"https:\/\/www.facebook.com\/SuomenPaimenkoirayhdistys","article_modified_time":"2025-08-09T17:01:59+00:00","og_image":[{"url":"http:\/\/www.spky.fi\/cmsms\/uploads\/images\/aluevastaavat\/PetejaMitch250.jpg","type":"","width":"","height":""}],"twitter_card":"summary_large_image","twitter_misc":{"Arvioitu lukuaika":"5 minuuttia"},"schema":{"@context":"https:\/\/schema.org","@graph":[{"@type":"WebPage","@id":"https:\/\/www.spky.fi\/wopr\/aluevastaavat\/","url":"https:\/\/www.spky.fi\/wopr\/aluevastaavat\/","name":"Aluevastaavat - Suomen Paimenkoirayhdistys ry","isPartOf":{"@id":"https:\/\/www.spky.fi\/wopr\/#website"},"primaryImageOfPage":{"@id":"https:\/\/www.spky.fi\/wopr\/aluevastaavat\/#primaryimage"},"image":{"@id":"https:\/\/www.spky.fi\/wopr\/aluevastaavat\/#primaryimage"},"thumbnailUrl":"http:\/\/www.spky.fi\/cmsms\/uploads\/images\/aluevastaavat\/PetejaMitch250.jpg","datePublished":"2017-03-30T21:05:09+00:00","dateModified":"2025-08-09T17:01:59+00:00","breadcrumb":{"@id":"https:\/\/www.spky.fi\/wopr\/aluevastaavat\/#breadcrumb"},"inLanguage":"fi","potentialAction":[{"@type":"ReadAction","target":["https:\/\/www.spky.fi\/wopr\/aluevastaavat\/"]}]},{"@type":"ImageObject","inLanguage":"fi","@id":"https:\/\/www.spky.fi\/wopr\/aluevastaavat\/#primaryimage","url":"http:\/\/www.spky.fi\/cmsms\/uploads\/images\/aluevastaavat\/PetejaMitch250.jpg","contentUrl":"http:\/\/www.spky.fi\/cmsms\/uploads\/images\/aluevastaavat\/PetejaMitch250.jpg"},{"@type":"BreadcrumbList","@id":"https:\/\/www.spky.fi\/wopr\/aluevastaavat\/#breadcrumb","itemListElement":[{"@type":"ListItem","position":1,"name":"Etusivu","item":"https:\/\/www.spky.fi\/wopr\/"},{"@type":"ListItem","position":2,"name":"Aluevastaavat"}]},{"@type":"WebSite","@id":"https:\/\/www.spky.fi\/wopr\/#website","url":"https:\/\/www.spky.fi\/wopr\/","name":"Suomen Paimenkoirayhdistys ry","description":"Suomen Paimenkoirayhdistys edist&auml;&auml; paimenkoirien ty&ouml;k&auml;ytt&ouml;&auml;. Yhdistys auttaa paimenkoirakurssien, harjoitusten, kilpailujen ja n&auml;yt&ouml;sten j&auml;rjest&auml;misess&auml;.","publisher":{"@id":"https:\/\/www.spky.fi\/wopr\/#organization"},"potentialAction":[{"@type":"SearchAction","target":{"@type":"EntryPoint","urlTemplate":"https:\/\/www.spky.fi\/wopr\/?s={search_term_string}"},"query-input":{"@type":"PropertyValueSpecification","valueRequired":true,"valueName":"search_term_string"}}],"inLanguage":"fi"},{"@type":"Organization","@id":"https:\/\/www.spky.fi\/wopr\/#organization","name":"Suomen Paimenkoirayhdistys ry","url":"https:\/\/www.spky.fi\/wopr\/","logo":{"@type":"ImageObject","inLanguage":"fi","@id":"https:\/\/www.spky.fi\/wopr\/#\/schema\/logo\/image\/","url":"https:\/\/www.spky.fi\/wopr\/wp-content\/uploads\/2024\/06\/SPKY_MUVA_PNG.png","contentUrl":"https:\/\/www.spky.fi\/wopr\/wp-content\/uploads\/2024\/06\/SPKY_MUVA_PNG.png","width":3201,"height":3126,"caption":"Suomen Paimenkoirayhdistys ry"},"image":{"@id":"https:\/\/www.spky.fi\/wopr\/#\/schema\/logo\/image\/"},"sameAs":["https:\/\/www.facebook.com\/SuomenPaimenkoirayhdistys"]}]}},"jetpack_sharing_enabled":true,"jetpack_shortlink":"https:\/\/wp.me\/PaLGv4-a","_links":{"self":[{"href":"https:\/\/www.spky.fi\/wopr\/wp-json\/wp\/v2\/pages\/10","targetHints":{"allow":["GET"]}}],"collection":[{"href":"https:\/\/www.spky.fi\/wopr\/wp-json\/wp\/v2\/pages"}],"about":[{"href":"https:\/\/www.spky.fi\/wopr\/wp-json\/wp\/v2\/types\/page"}],"author":[{"embeddable":true,"href":"https:\/\/www.spky.fi\/wopr\/wp-json\/wp\/v2\/users\/1"}],"replies":[{"embeddable":true,"href":"https:\/\/www.spky.fi\/wopr\/wp-json\/wp\/v2\/comments?post=10"}],"version-history":[{"count":11,"href":"https:\/\/www.spky.fi\/wopr\/wp-json\/wp\/v2\/pages\/10\/revisions"}],"predecessor-version":[{"id":7901,"href":"https:\/\/www.spky.fi\/wopr\/wp-json\/wp\/v2\/pages\/10\/revisions\/7901"}],"wp:attachment":[{"href":"https:\/\/www.spky.fi\/wopr\/wp-json\/wp\/v2\/media?parent=10"}],"curies":[{"name":"wp","href":"https:\/\/api.w.org\/{rel}","templated":true}]}}