{"id":12,"date":"2017-03-30T21:05:48","date_gmt":"2017-03-30T21:05:48","guid":{"rendered":"http:\/\/www.spky.fi\/wopr\/?page_id=12"},"modified":"2025-11-14T18:37:19","modified_gmt":"2025-11-14T18:37:19","slug":"harjoituspaikat","status":"publish","type":"page","link":"https:\/\/www.spky.fi\/wopr\/harjoituspaikat\/","title":{"rendered":"Harjoituspaikat"},"content":{"rendered":"<h3>Hilska Kaisa \/ Karjataito, LIETO<\/h3>\r\n<div>Vainionkuja 99, LIETO<\/div>\r\n<div>P\u00e4iv\u00e4st\u00f6ntie 528, LIETO<\/div>\r\n<div>Puh. 050 550 1470,\u00a0www.koirataito.net<\/div>\r\n<div>\r\n<p>Nauta ja lammas, rotuina suomenlammas ja gotti.<br \/>\r\nRyhmi\u00e4 kaiken tasoisille, wk ja bc.<br \/>\r\nEi mahdollisuutta omatoimitreeniin.<br \/>\r\nKursseja ja tilauskursseja j\u00e4rjestet\u00e4\u00e4n.<br \/>\r\nKeikkaohjaaja lampailla, naudoilla ja vuohilla.<br \/>\r\nErilaisia laitumia sek\u00e4 n. 25 x 25 m treeniaitaus ja py\u00f6r\u00f6tarha. My\u00f6s polveilevaa jokivarsimaisemaa ja mets\u00e4\u00e4 esim. karanneen karjan etsint\u00e4harjoitteluun.<br \/>\r\nTreenimahdollisuus ymp\u00e4ri vuoden. Kursseja, ryhmi\u00e4 ja tapahtumia. Otetaan nuoria tilakoiria (sek\u00e4 kelpie ett\u00e4 bc) my\u00f6s koulutusjaksoille, koulutetaan koiria esim. perusratavalmiiksi, voin my\u00f6s ajaa koiralla perusradan. Lis\u00e4ksi working kelpien kasvatusta tilakoiriksi, karjan siirtoja paimenkoirilla tilauksesta, karanneiden el\u00e4inten etsint\u00e4\u00e4 ammattimaisesti, karjan k\u00e4sittelykursseja<br \/>\r\n(lammas, nauta). Ocks\u00e5 p\u00e5 svenska.<\/p>\r\n<h2>Jokisaari Minna, LIMINKA (Tupos)<\/h2>\r\n<p>J\u00e4rvenp\u00e4\u00e4ntie 71c, Tupos, p. 0400 313797<br \/>\r\nminnamjokisaari(at)gmail.com<br \/>\r\nLammaspaimennustreenej\u00e4 ymp\u00e4ri vuoden.<\/p>\r\n<\/div>\r\n<div>\r\n<p><span style=\"color: revert; font-size: 22px; font-weight: bold;\">Jussila Leena \/ Paimentiimi, LOVIISA<br \/>\r\n<\/span><span style=\"font-size: revert;\">Niemist\u00f6ntie 89 Loviisa (Ruotsinpyht\u00e4\u00e4) p. 044-3724817, <\/span>leenajussila77(at)gmail.com<br \/>\r\n<span style=\"font-size: revert;\"> Paimennuskoulutusta sek\u00e4 mahdollisuus omatoimitreeniin vuoden ymp\u00e4ri. K\u00e4yt\u00f6ss\u00e4 n. 60 nuorta uuhta. Ty\u00f6koirien koulutus ja myynti.<\/span><\/p>\r\n<p><span style=\"color: revert; font-size: 22px; font-weight: bold;\">Korpikoski Janika, NOKIA<\/span><br \/>\r\nNokia, Siuro \/ Pohjolan tila puh. 040-5551351 janika.korpikoski(at)gmail.com<br \/>\r\nSuomenlampaita, erilaisia ja erikokoisia ryhmi\u00e4. K\u00e4ytett\u00e4viss\u00e4 pienempi pihalaidun sek\u00e4 erikokoisia isompia laidunlohkoja. Talvikaudella sis\u00e4treenimahdollisuus lampolassa.<br \/>\r\nMahdollisuus omatoimitreeniin (kokeneemmille koirille) sek\u00e4 aloitteleville ohjattuja treenej\u00e4.<\/p>\r\n<\/div>\r\n<h3>Kotikoski Elisa ja Kari, SOMERO<\/h3>\r\n<div>Kari p. 040 523 7886. <br \/>\r\nElisa p. 040 5740 798,\u00a0elisa(at) kotikoski .fi<\/div>\r\n<div>Kursseja ja tilauskursseja. Treenej\u00e4 sopimuksen mukaan, my\u00f6s talvella kelien niin salliessa.<\/div>\r\n<div>BC \/ WK<\/div>\r\n<h3>Kumpula P\u00e4ivi \/ Peltomaan Luomu, RAAHE<\/h3>\r\n<p>Lumimets\u00e4, VIHANTI (RAAHE)<br \/>\r\nPuh. 040 412 9541<br \/>\r\nK\u00e4yt\u00f6ss\u00e4 useampi erikokoinen aitaus sek\u00e4 peltoa. Suomenlampaita, kainuunharmaita sek\u00e4 turkisristeytyksi\u00e4. Ymp\u00e4rivuotisesti. Y\u00f6pymismahdollisuus.<\/p>\r\n<h3>Kurtto Kristiina, M\u00c4NTYHARJU<\/h3>\r\n<div><a href=\"http:\/\/www.primalsensefarm.fi\/\" target=\"_blank\" rel=\"noopener noreferrer\" data-saferedirecturl=\"https:\/\/www.google.com\/url?q=http:\/\/www.primalsensefarm.fi&amp;source=gmail&amp;ust=1533014076610000&amp;usg=AFQjCNH1aFwJHem1dhKXc-E3wp3dHKRvQg\">www.primalsensefarm.fi<\/a><\/div>\r\n<div>Harjoitteluk\u00e4yt\u00f6ss\u00e4 ahvenanmaanlampaita ja risteytyksi\u00e4 (sl, texel, od), 50x30m aidattu hiekkapohjainen ratsastuskentt\u00e4, py\u00f6r\u00f6aitaus sek\u00e4 tasaista ett\u00e4 kumpuilevaa aidattua peltoa.<br \/>\r\nKoulutusapua, viikkotreenej\u00e4 ja kursseja ymp\u00e4ri vuoden. Otan koiria my\u00f6s koulutusjaksoille.<\/div>\r\n<h3>K\u00e4lk\u00e4j\u00e4 Terhi \/ Sivakan tila, OULAINEN<\/h3>\r\n<div>Sivakantie 341, 86300 OULAINEN<\/div>\r\n<div>Puh. 044 3264826,\u00a0terhi.kalkaja@gmail.com<\/div>\r\n<div>\r\n<div dir=\"auto\">Treenit lampailla.<\/div>\r\n<div dir=\"auto\">Mahdollisuus harjoituksiin ymp\u00e4ri vuoden.<\/div>\r\n<div dir=\"auto\">K\u00e4ytett\u00e4viss\u00e4 erikokoisia aitauksia sek\u00e4 peltoja.<\/div>\r\n<\/div>\r\n<h3>Laine Peppi \/ Mikkola, SALO<\/h3>\r\n<p>Vanha Turuntie 738, 25240 HAJALA<br \/>\r\nPuh. 040 900 2957, peppi@mikkolantila.fi<br \/>\r\nTy\u00f6koirille ohjattuja harjoituksia ja kursseja tilauksesta. Kokeneille koirakoille omatoimitreenit mahdollisia. Treenilampaat nuoria risteytysuuhia noin 3 ha pihalaitumella (tai pienemm\u00e4ss\u00e4 aitauksessa) etenkin kev\u00e4\u00e4ll\u00e4 ja syksyll\u00e4.<\/p>\r\n<h3>Lintunen Ann-Mari \/ M\u00e4enkoikkala, RANTASALMI ja M\u00e4kiharju, MIKKELI<\/h3>\r\n<div>Puh. 040 832 0810,\u00a0annlintu@gmail.com<\/div>\r\n<div>Rantasalmella suomenlampaita, erilaisia ryhmi\u00e4.<br \/>\r\nMikkeliss\u00e4 lypsykarjan vasikoita ja hiehoja.<br \/>\r\nMolemmissa erilaisia harjoittelupaikkoja koirakkojen tarpeiden mukaan. Treenej\u00e4 kes\u00e4kaudella p\u00e4\u00e4s\u00e4\u00e4nt\u00f6isesti maanantaisin.<br \/>\r\nEnsi sijassa ty\u00f6koirille.<\/div>\r\n<h3>Nuutinen Susanna \/ Putkisalon kartano, RANTASALMI<\/h3>\r\n<div>Putkisalontie 172, 58900 RANTASALMI<\/div>\r\n<div>Puh. 050 340 5130,\u00a0<a href=\"http:\/\/www.putkisalo.fi\" target=\"_blank\" rel=\"noopener noreferrer\">www.putkisalo.fi<\/a><\/div>\r\n<div>susanna.nuutinen(at)putkisalo.fi<\/div>\r\n<div>Vain ty\u00f6koirille ja sopimuksesta.<\/div>\r\n<h3>Paarvio Annika, RAASEPORI<\/h3>\r\n<div>Puh. 0400 765 456<\/div>\r\n<div>annika.paarvio(at)gmail.com<br \/>\r\nLammastreenej\u00e4 ymp\u00e4rivuotisesti, p\u00e4\u00e4asiassa ty\u00f6koirille (BC\/WK)<br \/>\r\nMy\u00f6s erikoistreenej\u00e4 pienryhmille (erilaiset maastot, erikokoiset laumat, eri lammasrodut ym.)<br \/>\r\nOcks\u00e5 p\u00e5 svenska.<\/div>\r\n<h3>Paju Mari, POSIO<\/h3>\r\n<div>\r\n<p>KARJALAISENNIEMI (POSIO)<br \/>\r\nPuh. 045 317 1221, mpaju2(at)gmail.com<br \/>\r\nMahdollisuus treenata ymp\u00e4rivuotisesti lampailla (dorper-risteytykset) tarhassa sek\u00e4 kes\u00e4ll\u00e4 laitumella. Koulutusapua j\u00e4rjestet\u00e4\u00e4n mahdollisuuksien mukaan, kaiken tasoiset koirakot<br \/>\r\ntervetulleita. Kursseja pyrit\u00e4\u00e4n j\u00e4rjest\u00e4m\u00e4\u00e4n kes\u00e4aikaan. <br \/>\r\nKaikki paimenkoirarodut.<\/p>\r\n<h3>Pesonen Helena, SIMPELE<\/h3>\r\n<p>Puh: \u00a0040 760 2735<br \/>\r\nhelemapesonen(at)gmail.com<br \/>\r\nLypsyrotuisia hiehoja ja dorset -lampaita.<br \/>\r\nAvopellolla, pieni tarha k\u00e4ytett\u00e4viss\u00e4. Ymp\u00e4rivuotisesti. Koulutusapua. Kursseja ja tilauskursseja tarvittaessa. Vain bc ja kelpie.<\/p>\r\n<div>\r\n<h3><span style=\"color: revert;\">Pietil\u00e4 Miikku \/ Teeren tila, LEMP\u00c4\u00c4L\u00c4<\/span><\/h3>\r\n<\/div>\r\n<div>\r\n<p>Puh. 045 638 4785<br \/>\r\nmiikkuvaan(at)gmail.com<br \/>\r\nEri kokoisia aitauksia sek\u00e4 reilun kokoisia peltolohkoja (vuodenajan mukaan). Viikkotreenej\u00e4 ja my\u00f6s mahdollisuus omatoimitreenaamiseen. Ymp\u00e4ri vuoden, 2024-25 talvella tulossa mahdollisesti sis\u00e4tilatreenimahdollisuus. Treenilampaina eri rotujen<br \/>\r\nristeytyksi\u00e4 (sl, gotti, oskari, dorper).<\/p>\r\n<p><span style=\"font-size: 22px; font-weight: bold;\">Piilola Katri, HAMINA<\/span><br \/>\r\nKannusj\u00e4rvi, p. 050 5636348<br \/>\r\nPaimennustreenej\u00e4 pienimuotoisesti lampailla ja naudoilla. Erilaisia treenipaikkoja; sis\u00e4treenist\u00e4 lehmien<br \/>\r\ntiell\u00e4 kuljetukseen ja &#8221;kisaradasta&#8221; luonnonlaitumeen. Omatoimitreenimahdollisuus osaaville.<br \/>\r\nY\u00f6pymismahdollisuus.<\/p>\r\n<\/div>\r\n<div><span style=\"font-size: 22px; font-weight: bold;\">Rakkavaara Jepu, ROVANIEMI<\/span><br \/>\r\nRovaniemi, Tapionkyl\u00e4. <br \/>\r\njepu.rakkavaara@gmail.com<br \/>\r\nSytyttelytreeni\u00e4 ja esim. 1-luokkaan sek\u00e4 perusradalle t\u00e4ht\u00e4\u00e4ville. K\u00e4yt\u00f6ss\u00e4 pienempi sytyttelytarha ja suurempi tarha pienen radan ajoon ja muihin harjoituksiin. Risteytyslampaita. Saatavilla erilaisia ryhmi\u00e4 tarpeen mukaan. Otetaan my\u00f6s paimenkoiria koulutusjaksolle. Kursseja sek\u00e4 omalla tilalla, ett\u00e4 muualla Suomessa. Kysy lis\u00e4\u00e4.<\/div>\r\n<div>\u00a0<\/div>\r\n<div><span style=\"font-size: 22px; font-weight: bold;\">Repo Hanna, SIMPELE<\/span><\/div>\r\n<div>Kaljusenkyl\u00e4ntie 756, 56800 SIMPELE<\/div>\r\n<div>Puh: 050 405 1808<\/div>\r\n<div>hannarepo.suna(at)gmail.com<br \/>\r\nSuomen-ja risteytyslampaita. Ymp\u00e4ri vuoden. Talvella aidattu tarha, kes\u00e4ll\u00e4 eri kokoisia laidunpeltoja. Ohjattua treeni\u00e4 aloittelijoille, kokeneilla my\u00f6s mahdollisuus omatoimiseen treeniin. <br \/>\r\nKaikki paimenkoirarodut.<\/div>\r\n<h3>R\u00e4is\u00e4nen Virpi, JYV\u00c4SKYL\u00c4<\/h3>\r\n<div>Tukkolan tila, Muurame<br \/>\r\nAla-Sallaantie 250, 40500 Jyv\u00e4skyl\u00e4<br \/>\r\nTukkola.tila(at)gmail.com, puh. 050 3021395<br \/>\r\nKainuunharmaita. K\u00e4yt\u00f6ss\u00e4 25 x 30 valaistu ratsastuskentt\u00e4 ymp\u00e4ri vuoden kelien mukaan. Kes\u00e4ll\u00e4 treenej\u00e4 my\u00f6s aidatuilla pelloilla tai mets\u00e4laitumilla. Paimenkoiran koulutusapua ja eri kouluttajien kursseja j\u00e4rjestet\u00e4\u00e4n.<\/div>\r\n<h3>Sipil\u00e4 Mirkku\/Sipil\u00e4n Lammastila, LIETO<\/h3>\r\n<div>Kaurinkoskentie 324 LIETO AS<\/div>\r\n<div>Puh. 044-0731052, sipilanlammastila(at)elisanet. fi<\/div>\r\n<div>Suomenlampaita, gottlanninturkislampaita ja liharisteytyksi\u00e4.<br \/>\r\nTreenilampaiden ryhm\u00e4 koostuu noin 40 el\u00e4imest\u00e4 ja ryhm\u00e4<br \/>\r\nvaihtuu vuosittain, joten paimennettavat lampaat ei ole tahmeita.<br \/>\r\nTreenipelto on aidattu noin 3 + 3 ha, lis\u00e4ksi l\u00f6ytyy erikokoisia lohkoja. Kes\u00e4ll\u00e4 mahdollisuus harjoitella luonnonlaitumien ep\u00e4tasaisilla ja puustoisilla mailla. Treenipellolla kaksi eri kokoista treenitarhaa, 30m x 30m ja 60m x 60m.\u00a0Treenimahdollisuus ymp\u00e4ri vuoden, talvella s\u00e4\u00e4n salliessa ulkona ja mahdollisuuksien mukaan sis\u00e4ll\u00e4.\r\n\r\n<p>Tarjoan koulutusta aloitteleville ja hieman kokeneemmille<br \/>\r\nkoirakoille, mahdollisuus ostaa my\u00f6s ulkopuolisen kouluttajan ohjattuja treenej\u00e4 ja koulutuksia. Lis\u00e4ksi mahdollisuus omatoimitreeniin. Sopimuksen mukaan perusratatilaisuuksia.<\/p>\r\n<\/div>\r\n<div>\u00a0<\/div>\r\n<div>\r\n<div>\r\n<h3>Teittinen Heikki \/ Juvan Muumaa, JUVA<\/h3>\r\n<div>Kilpolantie 88, 51760 NUUTILANM\u00c4KI (JUVA)<\/div>\r\n<div>Puh: 0400 752 780<\/div>\r\n<div>heikki.teittinen(at)muumaa.fi<\/div>\r\n<div>Lypsykarjan vasikat\/hiehot.\u00a0Nuoret koirat treenataan pieniss\u00e4 ryhmiss\u00e4 nuorilla el\u00e4imill\u00e4 (3-5 kpl 3-6 kk)<\/div>\r\n<div>Valaistu tarha 30 x 30 m, laidun, irtoaitah\u00e4kki<\/div>\r\n<div>Harjoituksia j\u00e4rjestet\u00e4\u00e4n talvikaudella loka-huhtikuussa.<\/div>\r\n<div>Koulutusapua. Kursseja ja tilauskursseja. Perusratamahdollisuus.<\/div>\r\n<h3>Vertainen Kirsi \/ Paavilan lammastila, JUVA<\/h3>\r\n<div>Lev\u00e4nomaisentie 648, 51820 HATSOLA<\/div>\r\n<div>Puh. 040 590 6959<\/div>\r\n<div>Lampaat ja naudat.\u00a0<\/div>\r\n<div>Harjoitusalueena mets\u00e4laitumet.<\/div>\r\n<div>Ohjattuja etsint\u00e4harjoituksia kaikille koirille.<\/div>\r\n<h3>Wikberg Michaela, KORSN\u00c4S<\/h3>\r\n<p>Tr\u00e4skvikv\u00e4gen 167, 66280 TAKLAX (KORSN\u00c4S)<br \/>\r\nPuh. 050\u00a0339 5885<br \/>\r\n40 uuhta: suomenlampaita, gotlanninturkislampaita sek\u00e4 risteytyksi\u00e4. Lampola, aidattu ratsastuskentt\u00e4. Pieni\u00e4 peltoja ojineen. Saa tilata my\u00f6s muualle kouluttamaan. Ocks\u00e5 p\u00e5 svenska.<\/p>\r\n<\/div>\r\n<\/div>\r\n<\/div>\r\n","protected":false},"excerpt":{"rendered":"<p>Hilska Kaisa \/ Karjataito, LIETO Vainionkuja 99, LIETO P\u00e4iv\u00e4st\u00f6ntie 528, LIETO Puh. 050 550 1470,\u00a0www.koirataito.net Nauta ja lammas, rotuina suomenlammas ja gotti. Ryhmi\u00e4 kaiken tasoisille, wk ja bc. Ei mahdollisuutta omatoimitreeniin. Kursseja ja tilauskursseja j\u00e4rjestet\u00e4\u00e4n. Keikkaohjaaja lampailla, naudoilla ja vuohilla. Erilaisia laitumia sek\u00e4 n. 25 x 25 m treeniaitaus ja py\u00f6r\u00f6tarha. My\u00f6s polveilevaa jokivarsimaisemaa ja &hellip; <a href=\"https:\/\/www.spky.fi\/wopr\/harjoituspaikat\/\" class=\"more-link\">Jatka lukemista <span class=\"screen-reader-text\">Harjoituspaikat<\/span> <span class=\"meta-nav\">&rarr;<\/span><\/a><\/p>\n","protected":false},"author":1,"featured_media":0,"parent":0,"menu_order":0,"comment_status":"closed","ping_status":"closed","template":"","meta":{"jetpack_post_was_ever_published":false,"footnotes":""},"class_list":["post-12","page","type-page","status-publish","hentry"],"yoast_head":"<!-- This site is optimized with the Yoast SEO plugin v27.5 - https:\/\/yoast.com\/product\/yoast-seo-wordpress\/ -->\n<title>Harjoituspaikat - Suomen Paimenkoirayhdistys ry<\/title>\n<meta name=\"robots\" content=\"index, follow, max-snippet:-1, max-image-preview:large, max-video-preview:-1\" \/>\n<link rel=\"canonical\" href=\"https:\/\/www.spky.fi\/wopr\/harjoituspaikat\/\" \/>\n<meta property=\"og:locale\" content=\"fi_FI\" \/>\n<meta property=\"og:type\" content=\"article\" \/>\n<meta property=\"og:title\" content=\"Harjoituspaikat - Suomen Paimenkoirayhdistys ry\" \/>\n<meta property=\"og:description\" content=\"Hilska Kaisa \/ Karjataito, LIETO Vainionkuja 99, LIETO P\u00e4iv\u00e4st\u00f6ntie 528, LIETO Puh. 050 550 1470,\u00a0www.koirataito.net Nauta ja lammas, rotuina suomenlammas ja gotti. Ryhmi\u00e4 kaiken tasoisille, wk ja bc. Ei mahdollisuutta omatoimitreeniin. Kursseja ja tilauskursseja j\u00e4rjestet\u00e4\u00e4n. Keikkaohjaaja lampailla, naudoilla ja vuohilla. Erilaisia laitumia sek\u00e4 n. 25 x 25 m treeniaitaus ja py\u00f6r\u00f6tarha. My\u00f6s polveilevaa jokivarsimaisemaa ja &hellip; Jatka lukemista Harjoituspaikat &rarr;\" \/>\n<meta property=\"og:url\" content=\"https:\/\/www.spky.fi\/wopr\/harjoituspaikat\/\" \/>\n<meta property=\"og:site_name\" content=\"Suomen Paimenkoirayhdistys ry\" \/>\n<meta property=\"article:publisher\" content=\"https:\/\/www.facebook.com\/SuomenPaimenkoirayhdistys\" \/>\n<meta property=\"article:modified_time\" content=\"2025-11-14T18:37:19+00:00\" \/>\n<meta name=\"twitter:card\" content=\"summary_large_image\" \/>\n<meta name=\"twitter:label1\" content=\"Arvioitu lukuaika\" \/>\n\t<meta name=\"twitter:data1\" content=\"6 minuuttia\" \/>\n<script type=\"application\/ld+json\" class=\"yoast-schema-graph\">{\"@context\":\"https:\\\/\\\/schema.org\",\"@graph\":[{\"@type\":\"WebPage\",\"@id\":\"https:\\\/\\\/www.spky.fi\\\/wopr\\\/harjoituspaikat\\\/\",\"url\":\"https:\\\/\\\/www.spky.fi\\\/wopr\\\/harjoituspaikat\\\/\",\"name\":\"Harjoituspaikat - Suomen Paimenkoirayhdistys ry\",\"isPartOf\":{\"@id\":\"https:\\\/\\\/www.spky.fi\\\/wopr\\\/#website\"},\"datePublished\":\"2017-03-30T21:05:48+00:00\",\"dateModified\":\"2025-11-14T18:37:19+00:00\",\"breadcrumb\":{\"@id\":\"https:\\\/\\\/www.spky.fi\\\/wopr\\\/harjoituspaikat\\\/#breadcrumb\"},\"inLanguage\":\"fi\",\"potentialAction\":[{\"@type\":\"ReadAction\",\"target\":[\"https:\\\/\\\/www.spky.fi\\\/wopr\\\/harjoituspaikat\\\/\"]}]},{\"@type\":\"BreadcrumbList\",\"@id\":\"https:\\\/\\\/www.spky.fi\\\/wopr\\\/harjoituspaikat\\\/#breadcrumb\",\"itemListElement\":[{\"@type\":\"ListItem\",\"position\":1,\"name\":\"Etusivu\",\"item\":\"https:\\\/\\\/www.spky.fi\\\/wopr\\\/\"},{\"@type\":\"ListItem\",\"position\":2,\"name\":\"Harjoituspaikat\"}]},{\"@type\":\"WebSite\",\"@id\":\"https:\\\/\\\/www.spky.fi\\\/wopr\\\/#website\",\"url\":\"https:\\\/\\\/www.spky.fi\\\/wopr\\\/\",\"name\":\"Suomen Paimenkoirayhdistys ry\",\"description\":\"Suomen Paimenkoirayhdistys edist&auml;&auml; paimenkoirien ty&ouml;k&auml;ytt&ouml;&auml;. Yhdistys auttaa paimenkoirakurssien, harjoitusten, kilpailujen ja n&auml;yt&ouml;sten j&auml;rjest&auml;misess&auml;.\",\"publisher\":{\"@id\":\"https:\\\/\\\/www.spky.fi\\\/wopr\\\/#organization\"},\"potentialAction\":[{\"@type\":\"SearchAction\",\"target\":{\"@type\":\"EntryPoint\",\"urlTemplate\":\"https:\\\/\\\/www.spky.fi\\\/wopr\\\/?s={search_term_string}\"},\"query-input\":{\"@type\":\"PropertyValueSpecification\",\"valueRequired\":true,\"valueName\":\"search_term_string\"}}],\"inLanguage\":\"fi\"},{\"@type\":\"Organization\",\"@id\":\"https:\\\/\\\/www.spky.fi\\\/wopr\\\/#organization\",\"name\":\"Suomen Paimenkoirayhdistys ry\",\"url\":\"https:\\\/\\\/www.spky.fi\\\/wopr\\\/\",\"logo\":{\"@type\":\"ImageObject\",\"inLanguage\":\"fi\",\"@id\":\"https:\\\/\\\/www.spky.fi\\\/wopr\\\/#\\\/schema\\\/logo\\\/image\\\/\",\"url\":\"https:\\\/\\\/www.spky.fi\\\/wopr\\\/wp-content\\\/uploads\\\/2024\\\/06\\\/SPKY_MUVA_PNG.png\",\"contentUrl\":\"https:\\\/\\\/www.spky.fi\\\/wopr\\\/wp-content\\\/uploads\\\/2024\\\/06\\\/SPKY_MUVA_PNG.png\",\"width\":3201,\"height\":3126,\"caption\":\"Suomen Paimenkoirayhdistys ry\"},\"image\":{\"@id\":\"https:\\\/\\\/www.spky.fi\\\/wopr\\\/#\\\/schema\\\/logo\\\/image\\\/\"},\"sameAs\":[\"https:\\\/\\\/www.facebook.com\\\/SuomenPaimenkoirayhdistys\"]}]}<\/script>\n<!-- \/ Yoast SEO plugin. -->","yoast_head_json":{"title":"Harjoituspaikat - Suomen Paimenkoirayhdistys ry","robots":{"index":"index","follow":"follow","max-snippet":"max-snippet:-1","max-image-preview":"max-image-preview:large","max-video-preview":"max-video-preview:-1"},"canonical":"https:\/\/www.spky.fi\/wopr\/harjoituspaikat\/","og_locale":"fi_FI","og_type":"article","og_title":"Harjoituspaikat - Suomen Paimenkoirayhdistys ry","og_description":"Hilska Kaisa \/ Karjataito, LIETO Vainionkuja 99, LIETO P\u00e4iv\u00e4st\u00f6ntie 528, LIETO Puh. 050 550 1470,\u00a0www.koirataito.net Nauta ja lammas, rotuina suomenlammas ja gotti. Ryhmi\u00e4 kaiken tasoisille, wk ja bc. Ei mahdollisuutta omatoimitreeniin. Kursseja ja tilauskursseja j\u00e4rjestet\u00e4\u00e4n. Keikkaohjaaja lampailla, naudoilla ja vuohilla. Erilaisia laitumia sek\u00e4 n. 25 x 25 m treeniaitaus ja py\u00f6r\u00f6tarha. My\u00f6s polveilevaa jokivarsimaisemaa ja &hellip; Jatka lukemista Harjoituspaikat &rarr;","og_url":"https:\/\/www.spky.fi\/wopr\/harjoituspaikat\/","og_site_name":"Suomen Paimenkoirayhdistys ry","article_publisher":"https:\/\/www.facebook.com\/SuomenPaimenkoirayhdistys","article_modified_time":"2025-11-14T18:37:19+00:00","twitter_card":"summary_large_image","twitter_misc":{"Arvioitu lukuaika":"6 minuuttia"},"schema":{"@context":"https:\/\/schema.org","@graph":[{"@type":"WebPage","@id":"https:\/\/www.spky.fi\/wopr\/harjoituspaikat\/","url":"https:\/\/www.spky.fi\/wopr\/harjoituspaikat\/","name":"Harjoituspaikat - Suomen Paimenkoirayhdistys ry","isPartOf":{"@id":"https:\/\/www.spky.fi\/wopr\/#website"},"datePublished":"2017-03-30T21:05:48+00:00","dateModified":"2025-11-14T18:37:19+00:00","breadcrumb":{"@id":"https:\/\/www.spky.fi\/wopr\/harjoituspaikat\/#breadcrumb"},"inLanguage":"fi","potentialAction":[{"@type":"ReadAction","target":["https:\/\/www.spky.fi\/wopr\/harjoituspaikat\/"]}]},{"@type":"BreadcrumbList","@id":"https:\/\/www.spky.fi\/wopr\/harjoituspaikat\/#breadcrumb","itemListElement":[{"@type":"ListItem","position":1,"name":"Etusivu","item":"https:\/\/www.spky.fi\/wopr\/"},{"@type":"ListItem","position":2,"name":"Harjoituspaikat"}]},{"@type":"WebSite","@id":"https:\/\/www.spky.fi\/wopr\/#website","url":"https:\/\/www.spky.fi\/wopr\/","name":"Suomen Paimenkoirayhdistys ry","description":"Suomen Paimenkoirayhdistys edist&auml;&auml; paimenkoirien ty&ouml;k&auml;ytt&ouml;&auml;. Yhdistys auttaa paimenkoirakurssien, harjoitusten, kilpailujen ja n&auml;yt&ouml;sten j&auml;rjest&auml;misess&auml;.","publisher":{"@id":"https:\/\/www.spky.fi\/wopr\/#organization"},"potentialAction":[{"@type":"SearchAction","target":{"@type":"EntryPoint","urlTemplate":"https:\/\/www.spky.fi\/wopr\/?s={search_term_string}"},"query-input":{"@type":"PropertyValueSpecification","valueRequired":true,"valueName":"search_term_string"}}],"inLanguage":"fi"},{"@type":"Organization","@id":"https:\/\/www.spky.fi\/wopr\/#organization","name":"Suomen Paimenkoirayhdistys ry","url":"https:\/\/www.spky.fi\/wopr\/","logo":{"@type":"ImageObject","inLanguage":"fi","@id":"https:\/\/www.spky.fi\/wopr\/#\/schema\/logo\/image\/","url":"https:\/\/www.spky.fi\/wopr\/wp-content\/uploads\/2024\/06\/SPKY_MUVA_PNG.png","contentUrl":"https:\/\/www.spky.fi\/wopr\/wp-content\/uploads\/2024\/06\/SPKY_MUVA_PNG.png","width":3201,"height":3126,"caption":"Suomen Paimenkoirayhdistys ry"},"image":{"@id":"https:\/\/www.spky.fi\/wopr\/#\/schema\/logo\/image\/"},"sameAs":["https:\/\/www.facebook.com\/SuomenPaimenkoirayhdistys"]}]}},"jetpack_sharing_enabled":true,"jetpack_shortlink":"https:\/\/wp.me\/PaLGv4-c","_links":{"self":[{"href":"https:\/\/www.spky.fi\/wopr\/wp-json\/wp\/v2\/pages\/12","targetHints":{"allow":["GET"]}}],"collection":[{"href":"https:\/\/www.spky.fi\/wopr\/wp-json\/wp\/v2\/pages"}],"about":[{"href":"https:\/\/www.spky.fi\/wopr\/wp-json\/wp\/v2\/types\/page"}],"author":[{"embeddable":true,"href":"https:\/\/www.spky.fi\/wopr\/wp-json\/wp\/v2\/users\/1"}],"replies":[{"embeddable":true,"href":"https:\/\/www.spky.fi\/wopr\/wp-json\/wp\/v2\/comments?post=12"}],"version-history":[{"count":77,"href":"https:\/\/www.spky.fi\/wopr\/wp-json\/wp\/v2\/pages\/12\/revisions"}],"predecessor-version":[{"id":8278,"href":"https:\/\/www.spky.fi\/wopr\/wp-json\/wp\/v2\/pages\/12\/revisions\/8278"}],"wp:attachment":[{"href":"https:\/\/www.spky.fi\/wopr\/wp-json\/wp\/v2\/media?parent=12"}],"curies":[{"name":"wp","href":"https:\/\/api.w.org\/{rel}","templated":true}]}}