{"id":180,"date":"2018-01-09T21:18:26","date_gmt":"2018-01-09T21:18:26","guid":{"rendered":"http:\/\/www.spky.fi\/wopr\/?page_id=180"},"modified":"2025-08-09T17:26:39","modified_gmt":"2025-08-09T17:26:39","slug":"perusrata","status":"publish","type":"page","link":"https:\/\/www.spky.fi\/wopr\/perusrata\/","title":{"rendered":"Perusrata"},"content":{"rendered":"\r\n<h3>Perusradan s\u00e4\u00e4nn\u00f6t\u00a0<\/h3>\r\n<p>Perusradan tarkoituksena on antaa tietoa koiran paimennustaipumuksista, -tyylist\u00e4 ja koulutettavuudesta. Perusradan suorittaminen ei ole kilpailunomaista. Suorituksen aikana voi ottaa vastaan ohjeita ja rataa voi yritt\u00e4\u00e4 samana p\u00e4iv\u00e4n\u00e4 kaksi kertaa sek\u00e4 my\u00f6hemmin uudestaan.<br \/>\r\n<br \/>\r\n<strong><a href=\"http:\/\/www.spky.fi\/cmsms\/uploads\/perusrata_03_2009_PP.pdf\" target=\"_blank\" rel=\"noopener noreferrer\">Perusradan hyv\u00e4 esittely ja perusradan arvostelukaavake l\u00f6ytyv\u00e4t artikkelista<\/a><\/strong>, joka on julkaistu Paimenpostin numerossa 3\/2009. Vuoden 2021 Paimenposteissa julkaistiin perusrata-aiheisia artikkeleita, jotka l\u00f6ytyv\u00e4t t\u00e4st\u00e4:<\/p>\r\n<ul>\r\n\t<li><a href=\"https:\/\/www.spky.fi\/wopr\/wp-content\/uploads\/2022\/04\/Paimenposti-1_2021-Perusratajuttu.pdf\" target=\"_blank\" rel=\"noopener\"><strong>Paimenposti 1\/2021<\/strong><\/a><\/li>\r\n\t<li><strong><a href=\"https:\/\/www.spky.fi\/wopr\/wp-content\/uploads\/2022\/04\/Paimenposti-2_2021-Perusratajuttu.pdf\" target=\"_blank\" rel=\"noopener\">Paimenposti 2\/2021<\/a><\/strong><\/li>\r\n\t<li><strong><a href=\"https:\/\/www.spky.fi\/wopr\/wp-content\/uploads\/2022\/04\/Paimenposti-3_2021_Perusratajuttu.pdf\" target=\"_blank\" rel=\"noopener\">Paimenposti 3\/2021<\/a><\/strong><\/li>\r\n\t<li><strong><a href=\"https:\/\/www.spky.fi\/wopr\/wp-content\/uploads\/2022\/04\/Paimenposti-4_2021-Perusratajuttu.pdf\" target=\"_blank\" rel=\"noopener\">Paimenposti 4\/2021<\/a><\/strong><\/li>\r\n<\/ul>\r\n<p>Tuomareita varten on oma tarkka ohje, joka on erinomaisen hy\u00f6dyllinen paitsi tuomareille, my\u00f6s perusratojen j\u00e4rjest\u00e4jille ja suorittajille. <a href=\"https:\/\/www.spky.fi\/wopr\/wp-content\/uploads\/2025\/05\/Paimennuksen-perusradan-tuomariohjeet-2025.pdf\" target=\"_blank\" rel=\"noopener\"><strong>Paimennuksen perusradan tuomariohjeet<\/strong> (pdf).<\/a><\/p>\r\n<p><a href=\"https:\/\/www.spky.fi\/wopr\/hyva-tapa-toimia-paimennuksessa\/\" target=\"_blank\" rel=\"noopener\"><strong>Kaikessa SPKY:n toiminnassa noudatetaan Hyv\u00e4 tapa toimia paimennuksessa -ohjetta.<\/strong><\/a><\/p>\r\n<p><strong><a href=\"https:\/\/www.spky.fi\/wopr\/jalostus\/perusratatilaisuudet\/\" target=\"_blank\" rel=\"noopener\">Lis\u00e4tietoa tulossa olevista perusratatilaisuuksista ja ilmoittautumisesta l\u00f6yd\u00e4t t\u00e4lt\u00e4 sivulta.<\/a><\/strong><\/p>\r\n<h3>Haku<\/h3>\r\n<p>Lauma vied\u00e4\u00e4n noin 85 metrin p\u00e4\u00e4h\u00e4n. Haussa arvostellaan koiran tekem\u00e4 kaari lauman taakse, lauman l\u00e4hestyminen ja kuljetus takaisin ohjaajalle. Oikeaoppinen kaari on p\u00e4\u00e4ryn\u00e4n muotoinen. Eli koira l\u00e4htee viistosti ohjaajan vierelt\u00e4 ja kaartaa py\u00f6re\u00e4sti lauman taakse, mielell\u00e4\u00e4n niin, etteiv\u00e4t lampaat s\u00e4ik\u00e4hd\u00e4. Lauman takana koira hidastaa vauhtia ja aloittaa varovaisen l\u00e4hestymisen. Tarkoitus olisi tuoda lauma rauhallisesti suoraa ohjaajan luo hukkaamatta yht\u00e4\u00e4n el\u00e4int\u00e4.<\/p>\r\n<p><strong><a href=\"https:\/\/www.youtube.com\/watch?v=O93OG2CaFzY&amp;feature=youtu.be\" target=\"_blank\" rel=\"noopener noreferrer\">Katso esimerkki videolta.<\/a><\/strong><\/p>\r\n<h3>Kuljetus<\/h3>\r\n<p>Koiran tulee kuljettaa pient\u00e4 lammaslaumaa ohjaajan per\u00e4ss\u00e4 rauhallisesti noin 300 metrin matka. Kuljetukseen sis\u00e4ltyy kaksi porttiaukkoa (aukon leveys 4 m), joiden l\u00e4pi kuljetaan. T\u00e4ss\u00e4 kohtaa tarkkaillaan koiran ty\u00f6skentely\u00e4 takana, tarvittaessa sivuilla ja edess\u00e4 sek\u00e4 et\u00e4isyytt\u00e4 katraaseen.<br \/>\r\nArvosteltavia osa-alueita ovat kokoamis- ja koossapitokyky, tasapaino, et\u00e4isyys laumaan ja lampaan kiinniotto\/ nautalaumanhallinta. T\u00e4ss\u00e4 osiossa tapahtuu my\u00f6s ns. vapaa vaistonvarainen kuljetus.<br \/>\r\nKiinniotossa arvostellaan koiran kyky\u00e4 pit\u00e4\u00e4 lauma koossa ja ohjaajan l\u00e4hell\u00e4, ett\u00e4 ohjaaja voi ottaa haluamansa lampaan laumasta kiinni. Koiran tulisi ilman eri k\u00e4sky\u00e4 pit\u00e4\u00e4 lauma riitt\u00e4v\u00e4n l\u00e4hell\u00e4 ohjaajaa ja tarvittaessa palauttaa karkaamaan yritt\u00e4v\u00e4t lampaat takaisin. Nautakokeessa ei oteta kiinni el\u00e4int\u00e4 vaan laumaa pidet\u00e4\u00e4n paikallaan niin, ett\u00e4 esim. korvamerkin lukeminen on mahdollista.<\/p>\r\n<p><a href=\"https:\/\/www.youtube.com\/watch?v=MzxRHDdn01E&amp;feature=youtu.be\" target=\"_blank\" rel=\"noopener noreferrer\"><strong>Katso esimerkki videolta.<\/strong><\/a><\/p>\r\n<h3>H\u00e4kitys<\/h3>\r\n<p>H\u00e4kill\u00e4 arvostellaan koiran ty\u00f6skentely h\u00e4kkiin laitettaessa ja sielt\u00e4 pois otettaessa. H\u00e4kiss\u00e4 on 2 x 2 m kuja ja lis\u00e4ksi viidest\u00e4 2 m pitk\u00e4st\u00e4 osasta tehty ympyr\u00e4nmallinen per\u00e4osa. Koiran tulee ajaa lampaat h\u00e4kkiin ja j\u00e4\u00e4d\u00e4 makuulle kujalle. K\u00e4skyn saatuaan se vaihtaa paikkaa lauman kanssa ja ajaa lampaat kujaan. T\u00e4m\u00e4n j\u00e4lkeen portin voi avata ja koira tuo lauman h\u00e4kist\u00e4 pois.<\/p>\r\n<p><a href=\"https:\/\/www.youtube.com\/watch?v=229_vlFILfA&amp;feature=youtu.be\" target=\"_blank\" rel=\"noopener noreferrer\"><strong>Katso esimerkki videolta.<\/strong><\/a><\/p>\r\n<h3>Poisp\u00e4inajo<\/h3>\r\n<p>Poisp\u00e4inajossa arvioidaan koiran kyky\u00e4 kuljettaa el\u00e4imi\u00e4 poisp\u00e4in ohjaajasta. Matka on v\u00e4hint\u00e4\u00e4n 10 m.<\/p>\r\n<p><a href=\"https:\/\/www.youtube.com\/watch?v=hWle5rpP8jw&amp;feature=youtu.be\" target=\"_blank\" rel=\"noopener noreferrer\"><strong>Katso esimerkki videolta.<\/strong><\/a><\/p>\r\n<h3>Yleist\u00e4<\/h3>\r\n<p>T\u00e4ss\u00e4 kohdassa arvioidaan koiran luontaista tasapainoa ja tottelevaisuutta. Tasapainoa arvostellaan siit\u00e4, miten koira hakee itse oikean paikan lauman takana tai sivulla tarpeen mukaan.<br \/>\r\nArvosteltavia kohtia lomakkeessa ovat ty\u00f6skentelyrytmi eri osa-alueissa, yhteisty\u00f6kyky ja viettivoimaisuus.<br \/>\r\nN\u00e4iden kohtien lis\u00e4ksi annetaan sanallinen arvio kokonaisvaikutelmasta ja luonteesta. Samalla tarkastetaan kaikilta purenta ja uroksilta kivekset.<br \/>\r\nPdf-muodossa oleva <strong><a href=\"http:\/\/www.spky.fi\/cmsms\/uploads\/\/\/perusrata_kaavio.pdf\" target=\"_blank\" rel=\"noopener noreferrer\">piirros perusradasta<\/a><\/strong>.<\/p>\r\n<h3>Perusratojen suorittaminen<\/h3>\r\n<p>Kilpailujen yhteydess\u00e4 on joskus mahdollista suorittaa perusrata. Asiasta on sovittava hyviss\u00e4 ajoin etuk\u00e4teen kilpailuj\u00e4rjest\u00e4j\u00e4n kanssa. Lis\u00e4ksi joskus j\u00e4rjestet\u00e4\u00e4n erillisi\u00e4 perusratap\u00e4ivi\u00e4.<\/p>\r\n<p><a href=\"http:\/\/www.spky.fi\/wopr\/jalostus\/perusratatilaisuudet\/\"><strong>Perusratatilaisuudet l\u00f6yd\u00e4t t\u00e4\u00e4lt\u00e4.\u00a0<\/strong><\/a><\/p>\r\n<h3>Perusratamaksut<\/h3>\r\n<p>Kun koira ja omistaja kuuluvat SPKY:n 20 euroa, jompikumpi kuuluu SPKY:n 30 euroa, kumpikaan ei kuulu SPKY:n 40 euroa. Perusratamaksua ei palauteta ilman el\u00e4inl\u00e4\u00e4k\u00e4rin tai l\u00e4\u00e4k\u00e4rin todistusta esteellisyydest\u00e4.<\/p>\r\n<h3>Perusratatuomarit<\/h3>\r\n<p>Perusrataa arvostelee aina kaksi SPKY:n perusratatuomaria.<\/p>\r\n\r\n\r\n<h3>Paimennettavien el\u00e4inten kelpoisuus SPKYn kilpailussa, perusradalla ja yhdistyksen j\u00e4rjest\u00e4mill\u00e4 kursseilla<\/h3>\r\n<p><br \/>\r\n<strong>a)<\/strong> Lampaiden ik\u00e4 ja kunto: Hyv\u00e4kuntoiset ja terveet el\u00e4imet, jotka ovat tottuneet paimennukseen. Minimi-i\u00e4t: Lammas ja vuohi: vieroitettujen karitsoiden ja kilien ik\u00e4 v\u00e4hint\u00e4\u00e4n 4 kuukautta. Nauta: vieroitettujen vasikoiden ik\u00e4 v\u00e4hint\u00e4\u00e4n 6 kuukautta. Suositellaan, ett\u00e4 emon kanssa alle kolmen kuukauden ik\u00e4isi\u00e4 karitsoja ei k\u00e4ytet\u00e4. <br \/>\r\n<strong>b)<\/strong> Tiineys: Lammas: Kilpailuel\u00e4imen\u00e4 ei ole sallittu k\u00e4ytt\u00e4\u00e4 uuhta sen kahdeksalla viimeisell\u00e4 tiineysviikolla. Suositellaan, ett\u00e4 ei k\u00e4ytet\u00e4 my\u00f6sk\u00e4\u00e4n kuuden ensimm\u00e4isen tiineysviikon aikana. Nauta: Kilpailuel\u00e4imen\u00e4 ei ole sallittu k\u00e4ytt\u00e4\u00e4 hiehoa \/ lehm\u00e4\u00e4, joka on yli kuusi kuukautta tiineen\u00e4. <br \/>\r\n<strong>c)<\/strong> El\u00e4inten omistajalla on viime k\u00e4dess\u00e4 vastuu el\u00e4inten hyv\u00e4st\u00e4 kohtelusta. El\u00e4inten omistajalla on oikeus keskeytt\u00e4\u00e4 kilpailu, jos el\u00e4inten hyvinvointi ei t\u00e4yty. Tuomarilla on aina oikeus keskeytt\u00e4\u00e4 kilpailu. <br \/>\r\n<strong>d)<\/strong> Kilpailun j\u00e4rjest\u00e4j\u00e4n ja tuomarin tulee kiinnitt\u00e4\u00e4 huomiota paimennettavien el\u00e4inten hyvinvointiin kaikissa olosuhteissa kuten kova helle, rankka sade, varikon rakenne ja pohjarakenne, kilpailup\u00e4iv\u00e4n pituus etc.<\/p>\r\n\r\n\r\n<h3 class=\"wp-block-heading\">Hyvin toimiva varikko<\/h3>\r\n<p><iframe loading=\"lazy\" title=\"YouTube video player\" src=\"\/\/www.youtube.com\/embed\/CzrAiqJeR-I?si=2MZQuBewTtEad2C5\" width=\"560\" height=\"315\" frameborder=\"0\" allowfullscreen=\"allowfullscreen\"><\/iframe><\/p>\r\n\r\n","protected":false},"excerpt":{"rendered":"<p>Perusradan s\u00e4\u00e4nn\u00f6t\u00a0 Perusradan tarkoituksena on antaa tietoa koiran paimennustaipumuksista, -tyylist\u00e4 ja koulutettavuudesta. Perusradan suorittaminen ei ole kilpailunomaista. Suorituksen aikana voi ottaa vastaan ohjeita ja rataa voi yritt\u00e4\u00e4 samana p\u00e4iv\u00e4n\u00e4 kaksi kertaa sek\u00e4 my\u00f6hemmin uudestaan. Perusradan hyv\u00e4 esittely ja perusradan arvostelukaavake l\u00f6ytyv\u00e4t artikkelista, joka on julkaistu Paimenpostin numerossa 3\/2009. Vuoden 2021 Paimenposteissa julkaistiin perusrata-aiheisia artikkeleita, jotka &hellip; <a href=\"https:\/\/www.spky.fi\/wopr\/perusrata\/\" class=\"more-link\">Jatka lukemista <span class=\"screen-reader-text\">Perusrata<\/span> <span class=\"meta-nav\">&rarr;<\/span><\/a><\/p>\n","protected":false},"author":1,"featured_media":0,"parent":0,"menu_order":0,"comment_status":"closed","ping_status":"closed","template":"","meta":{"jetpack_post_was_ever_published":false,"footnotes":""},"class_list":["post-180","page","type-page","status-publish","hentry"],"yoast_head":"<!-- This site is optimized with the Yoast SEO plugin v27.4 - https:\/\/yoast.com\/product\/yoast-seo-wordpress\/ -->\n<title>Perusrata - Suomen Paimenkoirayhdistys ry<\/title>\n<meta name=\"robots\" content=\"index, follow, max-snippet:-1, max-image-preview:large, max-video-preview:-1\" \/>\n<link rel=\"canonical\" href=\"https:\/\/www.spky.fi\/wopr\/perusrata\/\" \/>\n<meta property=\"og:locale\" content=\"fi_FI\" \/>\n<meta property=\"og:type\" content=\"article\" \/>\n<meta property=\"og:title\" content=\"Perusrata - Suomen Paimenkoirayhdistys ry\" \/>\n<meta property=\"og:description\" content=\"Perusradan s\u00e4\u00e4nn\u00f6t\u00a0 Perusradan tarkoituksena on antaa tietoa koiran paimennustaipumuksista, -tyylist\u00e4 ja koulutettavuudesta. Perusradan suorittaminen ei ole kilpailunomaista. Suorituksen aikana voi ottaa vastaan ohjeita ja rataa voi yritt\u00e4\u00e4 samana p\u00e4iv\u00e4n\u00e4 kaksi kertaa sek\u00e4 my\u00f6hemmin uudestaan. Perusradan hyv\u00e4 esittely ja perusradan arvostelukaavake l\u00f6ytyv\u00e4t artikkelista, joka on julkaistu Paimenpostin numerossa 3\/2009. Vuoden 2021 Paimenposteissa julkaistiin perusrata-aiheisia artikkeleita, jotka &hellip; Jatka lukemista Perusrata &rarr;\" \/>\n<meta property=\"og:url\" content=\"https:\/\/www.spky.fi\/wopr\/perusrata\/\" \/>\n<meta property=\"og:site_name\" content=\"Suomen Paimenkoirayhdistys ry\" \/>\n<meta property=\"article:publisher\" content=\"https:\/\/www.facebook.com\/SuomenPaimenkoirayhdistys\" \/>\n<meta property=\"article:modified_time\" content=\"2025-08-09T17:26:39+00:00\" \/>\n<meta name=\"twitter:card\" content=\"summary_large_image\" \/>\n<meta name=\"twitter:label1\" content=\"Arvioitu lukuaika\" \/>\n\t<meta name=\"twitter:data1\" content=\"4 minuuttia\" \/>\n<script type=\"application\/ld+json\" class=\"yoast-schema-graph\">{\"@context\":\"https:\\\/\\\/schema.org\",\"@graph\":[{\"@type\":\"WebPage\",\"@id\":\"https:\\\/\\\/www.spky.fi\\\/wopr\\\/perusrata\\\/\",\"url\":\"https:\\\/\\\/www.spky.fi\\\/wopr\\\/perusrata\\\/\",\"name\":\"Perusrata - Suomen Paimenkoirayhdistys ry\",\"isPartOf\":{\"@id\":\"https:\\\/\\\/www.spky.fi\\\/wopr\\\/#website\"},\"datePublished\":\"2018-01-09T21:18:26+00:00\",\"dateModified\":\"2025-08-09T17:26:39+00:00\",\"breadcrumb\":{\"@id\":\"https:\\\/\\\/www.spky.fi\\\/wopr\\\/perusrata\\\/#breadcrumb\"},\"inLanguage\":\"fi\",\"potentialAction\":[{\"@type\":\"ReadAction\",\"target\":[\"https:\\\/\\\/www.spky.fi\\\/wopr\\\/perusrata\\\/\"]}]},{\"@type\":\"BreadcrumbList\",\"@id\":\"https:\\\/\\\/www.spky.fi\\\/wopr\\\/perusrata\\\/#breadcrumb\",\"itemListElement\":[{\"@type\":\"ListItem\",\"position\":1,\"name\":\"Etusivu\",\"item\":\"https:\\\/\\\/www.spky.fi\\\/wopr\\\/\"},{\"@type\":\"ListItem\",\"position\":2,\"name\":\"Perusrata\"}]},{\"@type\":\"WebSite\",\"@id\":\"https:\\\/\\\/www.spky.fi\\\/wopr\\\/#website\",\"url\":\"https:\\\/\\\/www.spky.fi\\\/wopr\\\/\",\"name\":\"Suomen Paimenkoirayhdistys ry\",\"description\":\"Suomen Paimenkoirayhdistys edist&auml;&auml; paimenkoirien ty&ouml;k&auml;ytt&ouml;&auml;. Yhdistys auttaa paimenkoirakurssien, harjoitusten, kilpailujen ja n&auml;yt&ouml;sten j&auml;rjest&auml;misess&auml;.\",\"publisher\":{\"@id\":\"https:\\\/\\\/www.spky.fi\\\/wopr\\\/#organization\"},\"potentialAction\":[{\"@type\":\"SearchAction\",\"target\":{\"@type\":\"EntryPoint\",\"urlTemplate\":\"https:\\\/\\\/www.spky.fi\\\/wopr\\\/?s={search_term_string}\"},\"query-input\":{\"@type\":\"PropertyValueSpecification\",\"valueRequired\":true,\"valueName\":\"search_term_string\"}}],\"inLanguage\":\"fi\"},{\"@type\":\"Organization\",\"@id\":\"https:\\\/\\\/www.spky.fi\\\/wopr\\\/#organization\",\"name\":\"Suomen Paimenkoirayhdistys ry\",\"url\":\"https:\\\/\\\/www.spky.fi\\\/wopr\\\/\",\"logo\":{\"@type\":\"ImageObject\",\"inLanguage\":\"fi\",\"@id\":\"https:\\\/\\\/www.spky.fi\\\/wopr\\\/#\\\/schema\\\/logo\\\/image\\\/\",\"url\":\"https:\\\/\\\/www.spky.fi\\\/wopr\\\/wp-content\\\/uploads\\\/2024\\\/06\\\/SPKY_MUVA_PNG.png\",\"contentUrl\":\"https:\\\/\\\/www.spky.fi\\\/wopr\\\/wp-content\\\/uploads\\\/2024\\\/06\\\/SPKY_MUVA_PNG.png\",\"width\":3201,\"height\":3126,\"caption\":\"Suomen Paimenkoirayhdistys ry\"},\"image\":{\"@id\":\"https:\\\/\\\/www.spky.fi\\\/wopr\\\/#\\\/schema\\\/logo\\\/image\\\/\"},\"sameAs\":[\"https:\\\/\\\/www.facebook.com\\\/SuomenPaimenkoirayhdistys\"]}]}<\/script>\n<!-- \/ Yoast SEO plugin. -->","yoast_head_json":{"title":"Perusrata - Suomen Paimenkoirayhdistys ry","robots":{"index":"index","follow":"follow","max-snippet":"max-snippet:-1","max-image-preview":"max-image-preview:large","max-video-preview":"max-video-preview:-1"},"canonical":"https:\/\/www.spky.fi\/wopr\/perusrata\/","og_locale":"fi_FI","og_type":"article","og_title":"Perusrata - Suomen Paimenkoirayhdistys ry","og_description":"Perusradan s\u00e4\u00e4nn\u00f6t\u00a0 Perusradan tarkoituksena on antaa tietoa koiran paimennustaipumuksista, -tyylist\u00e4 ja koulutettavuudesta. Perusradan suorittaminen ei ole kilpailunomaista. Suorituksen aikana voi ottaa vastaan ohjeita ja rataa voi yritt\u00e4\u00e4 samana p\u00e4iv\u00e4n\u00e4 kaksi kertaa sek\u00e4 my\u00f6hemmin uudestaan. Perusradan hyv\u00e4 esittely ja perusradan arvostelukaavake l\u00f6ytyv\u00e4t artikkelista, joka on julkaistu Paimenpostin numerossa 3\/2009. Vuoden 2021 Paimenposteissa julkaistiin perusrata-aiheisia artikkeleita, jotka &hellip; Jatka lukemista Perusrata &rarr;","og_url":"https:\/\/www.spky.fi\/wopr\/perusrata\/","og_site_name":"Suomen Paimenkoirayhdistys ry","article_publisher":"https:\/\/www.facebook.com\/SuomenPaimenkoirayhdistys","article_modified_time":"2025-08-09T17:26:39+00:00","twitter_card":"summary_large_image","twitter_misc":{"Arvioitu lukuaika":"4 minuuttia"},"schema":{"@context":"https:\/\/schema.org","@graph":[{"@type":"WebPage","@id":"https:\/\/www.spky.fi\/wopr\/perusrata\/","url":"https:\/\/www.spky.fi\/wopr\/perusrata\/","name":"Perusrata - Suomen Paimenkoirayhdistys ry","isPartOf":{"@id":"https:\/\/www.spky.fi\/wopr\/#website"},"datePublished":"2018-01-09T21:18:26+00:00","dateModified":"2025-08-09T17:26:39+00:00","breadcrumb":{"@id":"https:\/\/www.spky.fi\/wopr\/perusrata\/#breadcrumb"},"inLanguage":"fi","potentialAction":[{"@type":"ReadAction","target":["https:\/\/www.spky.fi\/wopr\/perusrata\/"]}]},{"@type":"BreadcrumbList","@id":"https:\/\/www.spky.fi\/wopr\/perusrata\/#breadcrumb","itemListElement":[{"@type":"ListItem","position":1,"name":"Etusivu","item":"https:\/\/www.spky.fi\/wopr\/"},{"@type":"ListItem","position":2,"name":"Perusrata"}]},{"@type":"WebSite","@id":"https:\/\/www.spky.fi\/wopr\/#website","url":"https:\/\/www.spky.fi\/wopr\/","name":"Suomen Paimenkoirayhdistys ry","description":"Suomen Paimenkoirayhdistys edist&auml;&auml; paimenkoirien ty&ouml;k&auml;ytt&ouml;&auml;. Yhdistys auttaa paimenkoirakurssien, harjoitusten, kilpailujen ja n&auml;yt&ouml;sten j&auml;rjest&auml;misess&auml;.","publisher":{"@id":"https:\/\/www.spky.fi\/wopr\/#organization"},"potentialAction":[{"@type":"SearchAction","target":{"@type":"EntryPoint","urlTemplate":"https:\/\/www.spky.fi\/wopr\/?s={search_term_string}"},"query-input":{"@type":"PropertyValueSpecification","valueRequired":true,"valueName":"search_term_string"}}],"inLanguage":"fi"},{"@type":"Organization","@id":"https:\/\/www.spky.fi\/wopr\/#organization","name":"Suomen Paimenkoirayhdistys ry","url":"https:\/\/www.spky.fi\/wopr\/","logo":{"@type":"ImageObject","inLanguage":"fi","@id":"https:\/\/www.spky.fi\/wopr\/#\/schema\/logo\/image\/","url":"https:\/\/www.spky.fi\/wopr\/wp-content\/uploads\/2024\/06\/SPKY_MUVA_PNG.png","contentUrl":"https:\/\/www.spky.fi\/wopr\/wp-content\/uploads\/2024\/06\/SPKY_MUVA_PNG.png","width":3201,"height":3126,"caption":"Suomen Paimenkoirayhdistys ry"},"image":{"@id":"https:\/\/www.spky.fi\/wopr\/#\/schema\/logo\/image\/"},"sameAs":["https:\/\/www.facebook.com\/SuomenPaimenkoirayhdistys"]}]}},"jetpack_sharing_enabled":true,"jetpack_shortlink":"https:\/\/wp.me\/PaLGv4-2U","_links":{"self":[{"href":"https:\/\/www.spky.fi\/wopr\/wp-json\/wp\/v2\/pages\/180","targetHints":{"allow":["GET"]}}],"collection":[{"href":"https:\/\/www.spky.fi\/wopr\/wp-json\/wp\/v2\/pages"}],"about":[{"href":"https:\/\/www.spky.fi\/wopr\/wp-json\/wp\/v2\/types\/page"}],"author":[{"embeddable":true,"href":"https:\/\/www.spky.fi\/wopr\/wp-json\/wp\/v2\/users\/1"}],"replies":[{"embeddable":true,"href":"https:\/\/www.spky.fi\/wopr\/wp-json\/wp\/v2\/comments?post=180"}],"version-history":[{"count":28,"href":"https:\/\/www.spky.fi\/wopr\/wp-json\/wp\/v2\/pages\/180\/revisions"}],"predecessor-version":[{"id":7907,"href":"https:\/\/www.spky.fi\/wopr\/wp-json\/wp\/v2\/pages\/180\/revisions\/7907"}],"wp:attachment":[{"href":"https:\/\/www.spky.fi\/wopr\/wp-json\/wp\/v2\/media?parent=180"}],"curies":[{"name":"wp","href":"https:\/\/api.w.org\/{rel}","templated":true}]}}