{"id":20,"date":"2017-03-30T21:08:31","date_gmt":"2017-03-30T21:08:31","guid":{"rendered":"http:\/\/www.spky.fi\/wopr\/?page_id=20"},"modified":"2026-02-28T20:06:24","modified_gmt":"2026-02-28T20:06:24","slug":"spkyn-tuomarit","status":"publish","type":"page","link":"https:\/\/www.spky.fi\/wopr\/spkyn-tuomarit\/","title":{"rendered":"SPKY:n tuomarit"},"content":{"rendered":"<table style=\"width: 100%; height: 394px;\" border=\"0\" cellspacing=\"0\" cellpadding=\"3\">\r\n<tbody>\r\n<tr style=\"height: 34px;\">\r\n<td style=\"height: 18px;\">PK<\/td>\r\n<td style=\"height: 18px;\">Eronen Minna, Kitee<\/td>\r\n<\/tr>\r\n<tr style=\"height: 34px;\">\r\n<td style=\"height: 19px;\">PK<\/td>\r\n<td style=\"height: 19px;\">Keski-Korpela Petri, Valkeakoski<\/td>\r\n<\/tr>\r\n<tr style=\"height: 34px;\">\r\n<td style=\"height: 20px;\">K<\/td>\r\n<td style=\"height: 20px;\">Klossner Kimmo, Somero<\/td>\r\n<\/tr>\r\n<tr style=\"height: 34px;\">\r\n<td style=\"height: 22px;\">PK<\/td>\r\n<td style=\"height: 22px;\">Koivu Pirjo, Hamina<\/td>\r\n<\/tr>\r\n<tr style=\"height: 34px;\">\r\n<td style=\"height: 21px;\">PK<\/td>\r\n<td style=\"height: 21px;\">Kotikoski Elisa, Somero<\/td>\r\n<\/tr>\r\n<tr style=\"height: 34px;\">\r\n<td style=\"height: 16px;\">PK<\/td>\r\n<td style=\"height: 16px;\">Kotikoski Kari, Somero<\/td>\r\n<\/tr>\r\n<tr style=\"height: 34px;\">\r\n<td style=\"height: 22px;\">P<\/td>\r\n<td style=\"height: 22px;\">Ky\u00f6stil\u00e4 Maarit, Kittil\u00e4<\/td>\r\n<\/tr>\r\n<tr style=\"height: 34px;\">\r\n<td style=\"height: 22px;\">P<\/td>\r\n<td style=\"height: 22px;\">K\u00e4lk\u00e4j\u00e4 Terhi, Oulainen<\/td>\r\n<\/tr>\r\n<tr style=\"height: 34px;\">\r\n<td style=\"height: 20px;\">PK<\/td>\r\n<td style=\"height: 20px;\">Lehti\u00f6 Anja,\u00a0 Lieto<\/td>\r\n<\/tr>\r\n<tr style=\"height: 34px;\">\r\n<td style=\"height: 22px;\">PK<\/td>\r\n<td style=\"height: 22px;\">Moisander Juha, Orimattila<\/td>\r\n<\/tr>\r\n<tr style=\"height: 18px;\">\r\n<td style=\"height: 18px;\">PK<\/td>\r\n<td style=\"height: 18px;\">Nietosvaara P\u00e4ivi, Salo<\/td>\r\n<\/tr>\r\n<tr style=\"height: 34px;\">\r\n<td style=\"height: 24px;\">PK<\/td>\r\n<td style=\"height: 24px;\">Paarvio Annika,\u00a0 Raasepori (ylituomari)<\/td>\r\n<\/tr>\r\n<tr style=\"height: 34px;\">\r\n<td style=\"height: 21px;\">P<\/td>\r\n<td style=\"height: 21px;\">Pesonen Helena, Simpele<\/td>\r\n<\/tr>\r\n<tr style=\"height: 34px;\">\r\n<td style=\"height: 19px;\">PK<\/td>\r\n<td style=\"height: 19px;\">Piilola Katri, Hamina<\/td>\r\n<\/tr>\r\n<tr style=\"height: 34px;\">\r\n<td style=\"height: 20px;\">PK<\/td>\r\n<td style=\"height: 20px;\">Salonen Nilla, Elim\u00e4ki<\/td>\r\n<\/tr>\r\n<tr style=\"height: 34px;\">\r\n<td style=\"height: 19px;\">PK<\/td>\r\n<td style=\"height: 19px;\">Talvela Riitta, Kuopio<\/td>\r\n<\/tr>\r\n<tr style=\"height: 34px;\">\r\n<td style=\"height: 19px;\">PK<\/td>\r\n<td style=\"height: 19px;\">Teittinen Heikki, Juva<\/td>\r\n<\/tr>\r\n<tr style=\"height: 18px;\">\r\n<td style=\"height: 18px;\">P<\/td>\r\n<td style=\"height: 18px;\">Vahtera Tanja, Salo<\/td>\r\n<\/tr>\r\n<tr style=\"height: 34px;\">\r\n<td style=\"height: 26px;\">P<\/td>\r\n<td style=\"height: 26px;\">Vanhala Pirjo, Kouvola<\/td>\r\n<\/tr>\r\n<tr>\r\n<td>PK<\/td>\r\n<td>Wikberg Michaela, Korsn\u00e4s<\/td>\r\n<\/tr>\r\n<\/tbody>\r\n<\/table>\r\n<p>P\u00a0 perusratatuomari\u00a0<br \/>\r\nK\u00a0 kilpailutuomari<\/p>\r\n<p>Tuomarien yhteystiedot l\u00f6ytyv\u00e4t Paimenposti-lehdest\u00e4.<\/p>\r\n<h2><strong>Kilpailun<\/strong> omavalvonta- ja tuomaripalkkiolomake<\/h2>\r\n<p><a href=\"https:\/\/www.spky.fi\/wopr\/wp-content\/uploads\/2025\/03\/OMAVALVONTASUUNNITELMA-SPKY.pdf\" target=\"_blank\" rel=\"noopener\">Lataa ja tulosta omavalvontalomake t\u00e4st\u00e4.<\/a><\/p>\r\n<p><a href=\"https:\/\/www.spky.fi\/wopr\/wp-content\/uploads\/2025\/09\/SPKY-tuomaripalkkio-pohja-2025.xlsx\" target=\"_blank\" rel=\"noopener\">Lataa t\u00e4st\u00e4 tuomaripalkkiolomake<\/a> ja l\u00e4het\u00e4 se t\u00e4ytettyn\u00e4 rahastonhoitajalle. Kilometrikorvaus on 0,30 \u20ac \/ km.\u00a0<br \/>\r\n<br \/>\r\nJos kilpailutuomari itse ottaa osaa johonkin\/joihinkin yksi- tai monip\u00e4iv\u00e4isen kilpailun l\u00e4hd\u00f6ist\u00e4, h\u00e4nelle voidaan maksaa matkakorvaus yhdensuuntaisesta matkasta. <br \/>\r\nTuomarille, joka ei itse ota osaa kilpailuun, maksetaan kaikki matkakulut.<\/p>\r\n<div>\r\n<h2>Tuomarikriteerit<\/h2>\r\n<p>K\u00e4yt\u00e4nt\u00f6 tuomarikokelaaksi hyv\u00e4ksymisess\u00e4 on, ett\u00e4 kilpailutoimikunta kutsuu t\u00e4h\u00e4n kunniateht\u00e4v\u00e4\u00e4n ja tekee siit\u00e4 esityksen hallitukselle. Hallitus p\u00e4\u00e4tt\u00e4\u00e4 tuomarikokelaaksi hyv\u00e4ksymisest\u00e4 kokonaisarvioinnin perusteella.\u00a0<\/p>\r\n<\/div>\r\n\r\n<h3><strong>Saadakseen<\/strong> tuomarioikeudet<strong> kilpailutuomariksi <\/strong>\u00a0<\/h3>\r\n\r\n\r\n<p>1. Tuomarikokelaan tulee suorittaa koearvostelu viidest\u00e4 eri kilpailusta ja kolmesta eri kilpailuluokasta. N\u00e4ist\u00e4 v\u00e4hint\u00e4\u00e4n kaksi pit\u00e4\u00e4 olla kolmosluokan kilpailuja ja niiss\u00e4 tulee arvostella v\u00e4hint\u00e4\u00e4n 30 suoritusta.<\/p>\r\n<p>Erona aikaisempaan k\u00e4yt\u00e4nt\u00f6\u00f6n on, ett\u00e4 kilpailuja ei tarvitse arvostella kokonaisuudessaan eik\u00e4 jokaisessa kilpailussa tarvitse olla eri tuomari.<\/p>\r\n<p>2. Ennen koeajan p\u00e4\u00e4ttymist\u00e4 tuomarikokelaan on osallistuttava v\u00e4hint\u00e4\u00e4n kaksi kertaa tuomarip\u00e4iville, jos sellaisia koeaikana j\u00e4rjestet\u00e4\u00e4n.<\/p>\r\n<p>3. Lis\u00e4ksi tuomarikokelaan on toimittava tuomarin sihteerin\u00e4 v\u00e4hint\u00e4\u00e4n kaksi kertaa. Aiemmin edellytettiin toimimista v\u00e4hint\u00e4\u00e4n kerran jokaisessa luokassa.<\/p>\r\n<p>4. Aiemmin suoritetut ja hyv\u00e4ksytyt koearvostelut luetaan kokelaan hyv\u00e4ksi.<br \/>\r\n<br \/>\r\nKoearvostelut suoritetaan kilpailukaavakkeelle, johon alle tulee arvostelevan tuomarin kommentit ja allekirjoitus hyv\u00e4ksynn\u00e4n merkiksi. Tuomarikokelas huolehtii koearvostelulomakkeiden sek\u00e4 kilpailun virallisten lopputulosten dokumentoinnista (valokuvat) ja toimittaa ne tuomarihakemuksen liitteen\u00e4 kilpailutoimikunnalle.<br \/>\r\n<br \/>\r\n5. Kokelaan tulee olla kilpaillut ylimm\u00e4ss\u00e4 luokassa.<br \/>\r\n6. Tuomarioikeudet my\u00f6nnet\u00e4\u00e4n aina 12 kk koeajalla.<br \/>\r\n7. Tuomarin tulee olla Suomen Paimenkoirayhdistyksen j\u00e4sen. \u00a0<\/p>\r\n\r\n\r\n<h3><strong>Saadakseen<\/strong> tuomarioikeudet<strong> perusratatuomariksi on kokelaan<\/strong> \u00a0<\/h3>\r\n\r\n\r\n<p>1. Teht\u00e4v\u00e4 viisi koarvostelua perusratatuomareiden hyv\u00e4ksymist\u00e4 perusradoista. <br \/>\r\n2. Osallistuttava perusratapainotteisille tuomarip\u00e4iville. <br \/>\r\n3. Oltava kokenut el\u00e4inten k\u00e4sittelyss\u00e4 ja tunnettava kokoavien paimenkoirien k\u00e4ytt\u00f6. Kilpailukokemusta perusratatuomarilla ei v\u00e4ltt\u00e4m\u00e4tt\u00e4 tarvitse olla.<\/p>\r\n\r\n\r\n<h3><strong>S\u00e4ilytt\u00e4\u00e4kseen<\/strong> tuomarioikeutensa<strong> on kilpailu- ja perusratatuomarin<\/strong> \u00a0<\/h3>\r\n\r\n\r\n<p>1. Osallistuttava tuomarip\u00e4iville v\u00e4hint\u00e4\u00e4n joka toinen vuosi. Jos tuomarip\u00e4iville ei ylip\u00e4\u00e4sem\u00e4tt\u00f6m\u00e4n esteen vuoksi p\u00e4\u00e4se, on sin\u00e4 vuonna arvosteltava useampi kilpailuluokka tai perusrata. <br \/>\r\n2. Tuomarilta ei en\u00e4\u00e4 edellytet\u00e4 vuosittaista kilpailu- tai perusrata arvostelua. <br \/>\r\n<br \/>\r\nKilpailutoimikunta tarkistaa tuomarilistan vuosittain. Jos tuomari ei ole t\u00e4ytt\u00e4nyt vuotuisia velvoitteita, h\u00e4n menett\u00e4\u00e4 tuomarioikeutensa. Mik\u00e4li h\u00e4n haluaa jatkaa tuomarina, on h\u00e4nen l\u00e4hetett\u00e4v\u00e4 yhdistykselle anomus, jonka kilpailutoimikunta k\u00e4sittelee.<\/p>\r\n<h2>Jos tuomaria ei l\u00f6ydy kilpailuun<\/h2>\r\n<p>Mik\u00e4li kilpailuun ei l\u00f6ydy tuomaria, hallitus voi my\u00f6nt\u00e4\u00e4 tilap\u00e4isen, kisakohtaisen tuomarioikeuden. Ehdotuksen tilap\u00e4isest\u00e4 tuomarista voivat tehd\u00e4 kilpailun j\u00e4rjest\u00e4j\u00e4, kilpailuvastaava tai kilpailutoimikunta. Tilap\u00e4isen lammas- tai nautatuomarin on t\u00e4ytett\u00e4v\u00e4 jokin seuraavista ehdoista el\u00e4inlaji huomioiden:<\/p>\r\n<ol>\r\n\t<li>H\u00e4nell\u00e4 on ollut SPKY:n tuomarioikeudet tai h\u00e4nell\u00e4 on \/ on ollut Kennelliiton my\u00f6nt\u00e4m\u00e4t paimennustuomarioikeudet (SBCAK).<\/li>\r\n\t<li>H\u00e4n on ollut maajoukkueessa tai kahtena vuotena esikarsintalistan 15 parhaan joukossa.<\/li>\r\n\t<li>H\u00e4n on ulkomainen tuomari.<\/li>\r\n<\/ol>\r\n<p>Tuomarina ei poikkeustilanteessakaan voi toimia, jos tuomarinoikeuksiin on kohdistunut kurinpitotoimia.<\/p>\r\n","protected":false},"excerpt":{"rendered":"<p>PK Eronen Minna, Kitee PK Keski-Korpela Petri, Valkeakoski K Klossner Kimmo, Somero PK Koivu Pirjo, Hamina PK Kotikoski Elisa, Somero PK Kotikoski Kari, Somero P Ky\u00f6stil\u00e4 Maarit, Kittil\u00e4 P K\u00e4lk\u00e4j\u00e4 Terhi, Oulainen PK Lehti\u00f6 Anja,\u00a0 Lieto PK Moisander Juha, Orimattila PK Nietosvaara P\u00e4ivi, Salo PK Paarvio Annika,\u00a0 Raasepori (ylituomari) P Pesonen Helena, Simpele PK Piilola &hellip; <a href=\"https:\/\/www.spky.fi\/wopr\/spkyn-tuomarit\/\" class=\"more-link\">Jatka lukemista <span class=\"screen-reader-text\">SPKY:n tuomarit<\/span> <span class=\"meta-nav\">&rarr;<\/span><\/a><\/p>\n","protected":false},"author":1,"featured_media":0,"parent":0,"menu_order":0,"comment_status":"closed","ping_status":"closed","template":"","meta":{"jetpack_post_was_ever_published":false,"footnotes":""},"class_list":["post-20","page","type-page","status-publish","hentry"],"yoast_head":"<!-- This site is optimized with the Yoast SEO plugin v27.4 - https:\/\/yoast.com\/product\/yoast-seo-wordpress\/ -->\n<title>SPKY:n tuomarit - Suomen Paimenkoirayhdistys ry<\/title>\n<meta name=\"robots\" content=\"index, follow, max-snippet:-1, max-image-preview:large, max-video-preview:-1\" \/>\n<link rel=\"canonical\" href=\"https:\/\/www.spky.fi\/wopr\/spkyn-tuomarit\/\" \/>\n<meta property=\"og:locale\" content=\"fi_FI\" \/>\n<meta property=\"og:type\" content=\"article\" \/>\n<meta property=\"og:title\" content=\"SPKY:n tuomarit - Suomen Paimenkoirayhdistys ry\" \/>\n<meta property=\"og:description\" content=\"PK Eronen Minna, Kitee PK Keski-Korpela Petri, Valkeakoski K Klossner Kimmo, Somero PK Koivu Pirjo, Hamina PK Kotikoski Elisa, Somero PK Kotikoski Kari, Somero P Ky\u00f6stil\u00e4 Maarit, Kittil\u00e4 P K\u00e4lk\u00e4j\u00e4 Terhi, Oulainen PK Lehti\u00f6 Anja,\u00a0 Lieto PK Moisander Juha, Orimattila PK Nietosvaara P\u00e4ivi, Salo PK Paarvio Annika,\u00a0 Raasepori (ylituomari) P Pesonen Helena, Simpele PK Piilola &hellip; Jatka lukemista SPKY:n tuomarit &rarr;\" \/>\n<meta property=\"og:url\" content=\"https:\/\/www.spky.fi\/wopr\/spkyn-tuomarit\/\" \/>\n<meta property=\"og:site_name\" content=\"Suomen Paimenkoirayhdistys ry\" \/>\n<meta property=\"article:publisher\" content=\"https:\/\/www.facebook.com\/SuomenPaimenkoirayhdistys\" \/>\n<meta property=\"article:modified_time\" content=\"2026-02-28T20:06:24+00:00\" \/>\n<meta name=\"twitter:card\" content=\"summary_large_image\" \/>\n<meta name=\"twitter:label1\" content=\"Arvioitu lukuaika\" \/>\n\t<meta name=\"twitter:data1\" content=\"3 minuuttia\" \/>\n<script type=\"application\/ld+json\" class=\"yoast-schema-graph\">{\"@context\":\"https:\\\/\\\/schema.org\",\"@graph\":[{\"@type\":\"WebPage\",\"@id\":\"https:\\\/\\\/www.spky.fi\\\/wopr\\\/spkyn-tuomarit\\\/\",\"url\":\"https:\\\/\\\/www.spky.fi\\\/wopr\\\/spkyn-tuomarit\\\/\",\"name\":\"SPKY:n tuomarit - Suomen Paimenkoirayhdistys ry\",\"isPartOf\":{\"@id\":\"https:\\\/\\\/www.spky.fi\\\/wopr\\\/#website\"},\"datePublished\":\"2017-03-30T21:08:31+00:00\",\"dateModified\":\"2026-02-28T20:06:24+00:00\",\"breadcrumb\":{\"@id\":\"https:\\\/\\\/www.spky.fi\\\/wopr\\\/spkyn-tuomarit\\\/#breadcrumb\"},\"inLanguage\":\"fi\",\"potentialAction\":[{\"@type\":\"ReadAction\",\"target\":[\"https:\\\/\\\/www.spky.fi\\\/wopr\\\/spkyn-tuomarit\\\/\"]}]},{\"@type\":\"BreadcrumbList\",\"@id\":\"https:\\\/\\\/www.spky.fi\\\/wopr\\\/spkyn-tuomarit\\\/#breadcrumb\",\"itemListElement\":[{\"@type\":\"ListItem\",\"position\":1,\"name\":\"Etusivu\",\"item\":\"https:\\\/\\\/www.spky.fi\\\/wopr\\\/\"},{\"@type\":\"ListItem\",\"position\":2,\"name\":\"SPKY:n tuomarit\"}]},{\"@type\":\"WebSite\",\"@id\":\"https:\\\/\\\/www.spky.fi\\\/wopr\\\/#website\",\"url\":\"https:\\\/\\\/www.spky.fi\\\/wopr\\\/\",\"name\":\"Suomen Paimenkoirayhdistys ry\",\"description\":\"Suomen Paimenkoirayhdistys edist&auml;&auml; paimenkoirien ty&ouml;k&auml;ytt&ouml;&auml;. Yhdistys auttaa paimenkoirakurssien, harjoitusten, kilpailujen ja n&auml;yt&ouml;sten j&auml;rjest&auml;misess&auml;.\",\"publisher\":{\"@id\":\"https:\\\/\\\/www.spky.fi\\\/wopr\\\/#organization\"},\"potentialAction\":[{\"@type\":\"SearchAction\",\"target\":{\"@type\":\"EntryPoint\",\"urlTemplate\":\"https:\\\/\\\/www.spky.fi\\\/wopr\\\/?s={search_term_string}\"},\"query-input\":{\"@type\":\"PropertyValueSpecification\",\"valueRequired\":true,\"valueName\":\"search_term_string\"}}],\"inLanguage\":\"fi\"},{\"@type\":\"Organization\",\"@id\":\"https:\\\/\\\/www.spky.fi\\\/wopr\\\/#organization\",\"name\":\"Suomen Paimenkoirayhdistys ry\",\"url\":\"https:\\\/\\\/www.spky.fi\\\/wopr\\\/\",\"logo\":{\"@type\":\"ImageObject\",\"inLanguage\":\"fi\",\"@id\":\"https:\\\/\\\/www.spky.fi\\\/wopr\\\/#\\\/schema\\\/logo\\\/image\\\/\",\"url\":\"https:\\\/\\\/www.spky.fi\\\/wopr\\\/wp-content\\\/uploads\\\/2024\\\/06\\\/SPKY_MUVA_PNG.png\",\"contentUrl\":\"https:\\\/\\\/www.spky.fi\\\/wopr\\\/wp-content\\\/uploads\\\/2024\\\/06\\\/SPKY_MUVA_PNG.png\",\"width\":3201,\"height\":3126,\"caption\":\"Suomen Paimenkoirayhdistys ry\"},\"image\":{\"@id\":\"https:\\\/\\\/www.spky.fi\\\/wopr\\\/#\\\/schema\\\/logo\\\/image\\\/\"},\"sameAs\":[\"https:\\\/\\\/www.facebook.com\\\/SuomenPaimenkoirayhdistys\"]}]}<\/script>\n<!-- \/ Yoast SEO plugin. -->","yoast_head_json":{"title":"SPKY:n tuomarit - Suomen Paimenkoirayhdistys ry","robots":{"index":"index","follow":"follow","max-snippet":"max-snippet:-1","max-image-preview":"max-image-preview:large","max-video-preview":"max-video-preview:-1"},"canonical":"https:\/\/www.spky.fi\/wopr\/spkyn-tuomarit\/","og_locale":"fi_FI","og_type":"article","og_title":"SPKY:n tuomarit - Suomen Paimenkoirayhdistys ry","og_description":"PK Eronen Minna, Kitee PK Keski-Korpela Petri, Valkeakoski K Klossner Kimmo, Somero PK Koivu Pirjo, Hamina PK Kotikoski Elisa, Somero PK Kotikoski Kari, Somero P Ky\u00f6stil\u00e4 Maarit, Kittil\u00e4 P K\u00e4lk\u00e4j\u00e4 Terhi, Oulainen PK Lehti\u00f6 Anja,\u00a0 Lieto PK Moisander Juha, Orimattila PK Nietosvaara P\u00e4ivi, Salo PK Paarvio Annika,\u00a0 Raasepori (ylituomari) P Pesonen Helena, Simpele PK Piilola &hellip; Jatka lukemista SPKY:n tuomarit &rarr;","og_url":"https:\/\/www.spky.fi\/wopr\/spkyn-tuomarit\/","og_site_name":"Suomen Paimenkoirayhdistys ry","article_publisher":"https:\/\/www.facebook.com\/SuomenPaimenkoirayhdistys","article_modified_time":"2026-02-28T20:06:24+00:00","twitter_card":"summary_large_image","twitter_misc":{"Arvioitu lukuaika":"3 minuuttia"},"schema":{"@context":"https:\/\/schema.org","@graph":[{"@type":"WebPage","@id":"https:\/\/www.spky.fi\/wopr\/spkyn-tuomarit\/","url":"https:\/\/www.spky.fi\/wopr\/spkyn-tuomarit\/","name":"SPKY:n tuomarit - Suomen Paimenkoirayhdistys ry","isPartOf":{"@id":"https:\/\/www.spky.fi\/wopr\/#website"},"datePublished":"2017-03-30T21:08:31+00:00","dateModified":"2026-02-28T20:06:24+00:00","breadcrumb":{"@id":"https:\/\/www.spky.fi\/wopr\/spkyn-tuomarit\/#breadcrumb"},"inLanguage":"fi","potentialAction":[{"@type":"ReadAction","target":["https:\/\/www.spky.fi\/wopr\/spkyn-tuomarit\/"]}]},{"@type":"BreadcrumbList","@id":"https:\/\/www.spky.fi\/wopr\/spkyn-tuomarit\/#breadcrumb","itemListElement":[{"@type":"ListItem","position":1,"name":"Etusivu","item":"https:\/\/www.spky.fi\/wopr\/"},{"@type":"ListItem","position":2,"name":"SPKY:n tuomarit"}]},{"@type":"WebSite","@id":"https:\/\/www.spky.fi\/wopr\/#website","url":"https:\/\/www.spky.fi\/wopr\/","name":"Suomen Paimenkoirayhdistys ry","description":"Suomen Paimenkoirayhdistys edist&auml;&auml; paimenkoirien ty&ouml;k&auml;ytt&ouml;&auml;. Yhdistys auttaa paimenkoirakurssien, harjoitusten, kilpailujen ja n&auml;yt&ouml;sten j&auml;rjest&auml;misess&auml;.","publisher":{"@id":"https:\/\/www.spky.fi\/wopr\/#organization"},"potentialAction":[{"@type":"SearchAction","target":{"@type":"EntryPoint","urlTemplate":"https:\/\/www.spky.fi\/wopr\/?s={search_term_string}"},"query-input":{"@type":"PropertyValueSpecification","valueRequired":true,"valueName":"search_term_string"}}],"inLanguage":"fi"},{"@type":"Organization","@id":"https:\/\/www.spky.fi\/wopr\/#organization","name":"Suomen Paimenkoirayhdistys ry","url":"https:\/\/www.spky.fi\/wopr\/","logo":{"@type":"ImageObject","inLanguage":"fi","@id":"https:\/\/www.spky.fi\/wopr\/#\/schema\/logo\/image\/","url":"https:\/\/www.spky.fi\/wopr\/wp-content\/uploads\/2024\/06\/SPKY_MUVA_PNG.png","contentUrl":"https:\/\/www.spky.fi\/wopr\/wp-content\/uploads\/2024\/06\/SPKY_MUVA_PNG.png","width":3201,"height":3126,"caption":"Suomen Paimenkoirayhdistys ry"},"image":{"@id":"https:\/\/www.spky.fi\/wopr\/#\/schema\/logo\/image\/"},"sameAs":["https:\/\/www.facebook.com\/SuomenPaimenkoirayhdistys"]}]}},"jetpack_sharing_enabled":true,"jetpack_shortlink":"https:\/\/wp.me\/PaLGv4-k","_links":{"self":[{"href":"https:\/\/www.spky.fi\/wopr\/wp-json\/wp\/v2\/pages\/20","targetHints":{"allow":["GET"]}}],"collection":[{"href":"https:\/\/www.spky.fi\/wopr\/wp-json\/wp\/v2\/pages"}],"about":[{"href":"https:\/\/www.spky.fi\/wopr\/wp-json\/wp\/v2\/types\/page"}],"author":[{"embeddable":true,"href":"https:\/\/www.spky.fi\/wopr\/wp-json\/wp\/v2\/users\/1"}],"replies":[{"embeddable":true,"href":"https:\/\/www.spky.fi\/wopr\/wp-json\/wp\/v2\/comments?post=20"}],"version-history":[{"count":50,"href":"https:\/\/www.spky.fi\/wopr\/wp-json\/wp\/v2\/pages\/20\/revisions"}],"predecessor-version":[{"id":8475,"href":"https:\/\/www.spky.fi\/wopr\/wp-json\/wp\/v2\/pages\/20\/revisions\/8475"}],"wp:attachment":[{"href":"https:\/\/www.spky.fi\/wopr\/wp-json\/wp\/v2\/media?parent=20"}],"curies":[{"name":"wp","href":"https:\/\/api.w.org\/{rel}","templated":true}]}}