{"id":205,"date":"2018-01-09T21:45:33","date_gmt":"2018-01-09T21:45:33","guid":{"rendered":"http:\/\/www.spky.fi\/wopr\/?page_id=205"},"modified":"2023-02-03T20:07:47","modified_gmt":"2023-02-03T20:07:47","slug":"lomakkeet","status":"publish","type":"page","link":"https:\/\/www.spky.fi\/wopr\/pentuvalitys\/lomakkeet\/","title":{"rendered":"Lomakkeet"},"content":{"rendered":"<h5>Lomake, jolla ilmoitetaan syntyneen tai suunnitellun pentueen tiedot:<\/h5>\n<p>Kun l\u00e4het\u00e4t ilmoituksen <strong>s\u00e4hk\u00f6postilla,<\/strong> l\u00e4het\u00e4 se word-muodossa:<\/p>\n<ul>\n<li data-tadv-p=\"keep\"><a href=\"https:\/\/www.spky.fi\/wopr\/wp-content\/uploads\/2023\/02\/pentuvalitysilmoitus_2023.docx\" rel=\"noopener\">Pentuv\u00e4litysilmoitus (word)<\/a><\/li>\n<\/ul>\n<p><strong>T\u00e4yt\u00e4 ilmoitus valmiiksi asti ennen l\u00e4hett\u00e4mist\u00e4.<\/strong> Mik\u00e4li lomake n\u00e4kyy jo netiss\u00e4, muutoksia tehd\u00e4\u00e4n vain mik\u00e4li uros vaihtuu.<\/p>\n<h5>Aikuisen koiran v\u00e4litysohjeet ja t\u00e4ytett\u00e4v\u00e4t lomakkeet:<\/h5>\n<ul>\n<li><a href=\"https:\/\/www.spky.fi\/wopr\/wp-content\/uploads\/2023\/02\/Aikuisen-koiran-myyntilomake-2023.docx\" rel=\"noopener\">Myyd\u00e4\u00e4n aikuinen koira, ohjeet ja lomake.doc (word)<\/a><\/li>\n<li><a href=\"https:\/\/www.spky.fi\/wopr\/wp-content\/uploads\/2023\/02\/Ostetaan-aikuinen-paimenkoira-lomake-2023.doc\" rel=\"noopener\">Ostetaan aikuinen koira, lomake.doc (word)<\/a><\/li>\n<\/ul>\n<p><strong>Huom!<\/strong><\/p>\n<p>Word muotoisen lomakkeen voit t\u00e4ytt\u00e4\u00e4 tietokoneellasi ja l\u00e4hett\u00e4\u00e4 sen pentuv\u00e4litt\u00e4j\u00e4lle s\u00e4hk\u00f6postin liitteen\u00e4. Lomakkeen voit my\u00f6s tulostaa ja t\u00e4ytt\u00e4\u00e4 k\u00e4sin ja postittaa pentuv\u00e4litt\u00e4j\u00e4lle osoitteeseen:<\/p>\n<p><strong>Katri Piilola, <\/strong>J\u00e4rvitie 127, 49570 Kannusj\u00e4rvi<br \/>\ns\u00e4hk\u00f6posti: katri.piilola@live.fi<\/p>\n<p><strong>Pentueen rekister\u00f6intikaavake:\u00a0<\/strong><\/p>\n<ul>\n<li data-tadv-p=\"keep\"><a href=\"https:\/\/www.spky.fi\/wopr\/wp-content\/uploads\/2018\/05\/Pentue_rekisterointi_2018.doc\" rel=\"noopener noreferrer\">Kaavake pentuerekister\u00f6inti\u00e4 varten.<\/a><\/li>\n<li data-tadv-p=\"keep\"><a href=\"https:\/\/www.spky.fi\/wopr\/wp-content\/uploads\/2018\/05\/Sopimus_pennun_kaupasta-2018.doc\" rel=\"noopener noreferrer\">Sopimuspohja pentujen kaupasta.<\/a><\/li>\n<\/ul>\n<div>Maksakaa<strong>\u00a0rekister\u00f6intimaksu<\/strong>\u00a0ja laittakaa\u00a0<strong>kuitti liitteeksi\u00a0<\/strong>rekister\u00f6intilomakkeen matkaan.<\/div>\n<div><\/div>\n<div><strong>Rekister\u00f6intimaksut:<\/strong><\/div>\n<div><\/div>\n<div>Kantakirjaohjes\u00e4\u00e4nn\u00f6n mukaiset pentueet, rekister\u00f6ity ennen 4 kk ik\u00e4\u00e4 (bordercollie ja kelpie) 15 \u20ac\/pentu, 4 kk i\u00e4n j\u00e4lkeen 30 \u20ac<\/div>\n<div>Muut rekister\u00f6innit (perusradan suorittanut koira tai RegV-rekisterist\u00e4) 20\u20ac<\/div>\n<div>Polveutumistodistus 20 \u20ac<\/div>\n<div>Omistajanvaihdos \/ uusi rekisteritodistus 10 \u20ac<\/div>\n<div>SPKY:n tilinumero:<strong>\u00a0FI53 5068 0620 0227 54<\/strong><\/div>\n<div>Rekister\u00f6intimaksujen viitenumero:\u00a0<strong>30601<\/strong><\/div>\n<p><strong>Katsokaa lomakkeen l\u00e4hetysosoite ja maksutiedot\u00a0<a href=\"https:\/\/www.spky.fi\/wopr\/yhteystiedot\/\" target=\"_blank\" rel=\"noopener noreferrer\">kotisivujen yhteystiedoista.\u00a0<\/a><\/strong><\/p>\n","protected":false},"excerpt":{"rendered":"<p>Lomake, jolla ilmoitetaan syntyneen tai suunnitellun pentueen tiedot: Kun l\u00e4het\u00e4t ilmoituksen s\u00e4hk\u00f6postilla, l\u00e4het\u00e4 se word-muodossa: Pentuv\u00e4litysilmoitus (word) T\u00e4yt\u00e4 ilmoitus valmiiksi asti ennen l\u00e4hett\u00e4mist\u00e4. Mik\u00e4li lomake n\u00e4kyy jo netiss\u00e4, muutoksia tehd\u00e4\u00e4n vain mik\u00e4li uros vaihtuu. Aikuisen koiran v\u00e4litysohjeet ja t\u00e4ytett\u00e4v\u00e4t lomakkeet: Myyd\u00e4\u00e4n aikuinen koira, ohjeet ja lomake.doc (word) Ostetaan aikuinen koira, lomake.doc (word) Huom! Word muotoisen &hellip; <a href=\"https:\/\/www.spky.fi\/wopr\/pentuvalitys\/lomakkeet\/\" class=\"more-link\">Jatka lukemista <span class=\"screen-reader-text\">Lomakkeet<\/span> <span class=\"meta-nav\">&rarr;<\/span><\/a><\/p>\n","protected":false},"author":1,"featured_media":0,"parent":199,"menu_order":0,"comment_status":"closed","ping_status":"closed","template":"","meta":{"jetpack_post_was_ever_published":false,"footnotes":""},"class_list":["post-205","page","type-page","status-publish","hentry"],"yoast_head":"<!-- This site is optimized with the Yoast SEO plugin v27.5 - https:\/\/yoast.com\/product\/yoast-seo-wordpress\/ -->\n<title>Lomakkeet - Suomen Paimenkoirayhdistys ry<\/title>\n<meta name=\"robots\" content=\"index, follow, max-snippet:-1, max-image-preview:large, max-video-preview:-1\" \/>\n<link rel=\"canonical\" href=\"https:\/\/www.spky.fi\/wopr\/pentuvalitys\/lomakkeet\/\" \/>\n<meta property=\"og:locale\" content=\"fi_FI\" \/>\n<meta property=\"og:type\" content=\"article\" \/>\n<meta property=\"og:title\" content=\"Lomakkeet - Suomen Paimenkoirayhdistys ry\" \/>\n<meta property=\"og:description\" content=\"Lomake, jolla ilmoitetaan syntyneen tai suunnitellun pentueen tiedot: Kun l\u00e4het\u00e4t ilmoituksen s\u00e4hk\u00f6postilla, l\u00e4het\u00e4 se word-muodossa: Pentuv\u00e4litysilmoitus (word) T\u00e4yt\u00e4 ilmoitus valmiiksi asti ennen l\u00e4hett\u00e4mist\u00e4. Mik\u00e4li lomake n\u00e4kyy jo netiss\u00e4, muutoksia tehd\u00e4\u00e4n vain mik\u00e4li uros vaihtuu. Aikuisen koiran v\u00e4litysohjeet ja t\u00e4ytett\u00e4v\u00e4t lomakkeet: Myyd\u00e4\u00e4n aikuinen koira, ohjeet ja lomake.doc (word) Ostetaan aikuinen koira, lomake.doc (word) Huom! Word muotoisen &hellip; Jatka lukemista Lomakkeet &rarr;\" \/>\n<meta property=\"og:url\" content=\"https:\/\/www.spky.fi\/wopr\/pentuvalitys\/lomakkeet\/\" \/>\n<meta property=\"og:site_name\" content=\"Suomen Paimenkoirayhdistys ry\" \/>\n<meta property=\"article:publisher\" content=\"https:\/\/www.facebook.com\/SuomenPaimenkoirayhdistys\" \/>\n<meta property=\"article:modified_time\" content=\"2023-02-03T20:07:47+00:00\" \/>\n<meta name=\"twitter:card\" content=\"summary_large_image\" \/>\n<meta name=\"twitter:label1\" content=\"Arvioitu lukuaika\" \/>\n\t<meta name=\"twitter:data1\" content=\"1 minuutti\" \/>\n<script type=\"application\/ld+json\" class=\"yoast-schema-graph\">{\"@context\":\"https:\\\/\\\/schema.org\",\"@graph\":[{\"@type\":\"WebPage\",\"@id\":\"https:\\\/\\\/www.spky.fi\\\/wopr\\\/pentuvalitys\\\/lomakkeet\\\/\",\"url\":\"https:\\\/\\\/www.spky.fi\\\/wopr\\\/pentuvalitys\\\/lomakkeet\\\/\",\"name\":\"Lomakkeet - Suomen Paimenkoirayhdistys ry\",\"isPartOf\":{\"@id\":\"https:\\\/\\\/www.spky.fi\\\/wopr\\\/#website\"},\"datePublished\":\"2018-01-09T21:45:33+00:00\",\"dateModified\":\"2023-02-03T20:07:47+00:00\",\"breadcrumb\":{\"@id\":\"https:\\\/\\\/www.spky.fi\\\/wopr\\\/pentuvalitys\\\/lomakkeet\\\/#breadcrumb\"},\"inLanguage\":\"fi\",\"potentialAction\":[{\"@type\":\"ReadAction\",\"target\":[\"https:\\\/\\\/www.spky.fi\\\/wopr\\\/pentuvalitys\\\/lomakkeet\\\/\"]}]},{\"@type\":\"BreadcrumbList\",\"@id\":\"https:\\\/\\\/www.spky.fi\\\/wopr\\\/pentuvalitys\\\/lomakkeet\\\/#breadcrumb\",\"itemListElement\":[{\"@type\":\"ListItem\",\"position\":1,\"name\":\"Etusivu\",\"item\":\"https:\\\/\\\/www.spky.fi\\\/wopr\\\/\"},{\"@type\":\"ListItem\",\"position\":2,\"name\":\"Pentuv\u00e4litys\",\"item\":\"https:\\\/\\\/www.spky.fi\\\/wopr\\\/pentuvalitys\\\/\"},{\"@type\":\"ListItem\",\"position\":3,\"name\":\"Lomakkeet\"}]},{\"@type\":\"WebSite\",\"@id\":\"https:\\\/\\\/www.spky.fi\\\/wopr\\\/#website\",\"url\":\"https:\\\/\\\/www.spky.fi\\\/wopr\\\/\",\"name\":\"Suomen Paimenkoirayhdistys ry\",\"description\":\"Suomen Paimenkoirayhdistys edist&auml;&auml; paimenkoirien ty&ouml;k&auml;ytt&ouml;&auml;. Yhdistys auttaa paimenkoirakurssien, harjoitusten, kilpailujen ja n&auml;yt&ouml;sten j&auml;rjest&auml;misess&auml;.\",\"publisher\":{\"@id\":\"https:\\\/\\\/www.spky.fi\\\/wopr\\\/#organization\"},\"potentialAction\":[{\"@type\":\"SearchAction\",\"target\":{\"@type\":\"EntryPoint\",\"urlTemplate\":\"https:\\\/\\\/www.spky.fi\\\/wopr\\\/?s={search_term_string}\"},\"query-input\":{\"@type\":\"PropertyValueSpecification\",\"valueRequired\":true,\"valueName\":\"search_term_string\"}}],\"inLanguage\":\"fi\"},{\"@type\":\"Organization\",\"@id\":\"https:\\\/\\\/www.spky.fi\\\/wopr\\\/#organization\",\"name\":\"Suomen Paimenkoirayhdistys ry\",\"url\":\"https:\\\/\\\/www.spky.fi\\\/wopr\\\/\",\"logo\":{\"@type\":\"ImageObject\",\"inLanguage\":\"fi\",\"@id\":\"https:\\\/\\\/www.spky.fi\\\/wopr\\\/#\\\/schema\\\/logo\\\/image\\\/\",\"url\":\"https:\\\/\\\/www.spky.fi\\\/wopr\\\/wp-content\\\/uploads\\\/2024\\\/06\\\/SPKY_MUVA_PNG.png\",\"contentUrl\":\"https:\\\/\\\/www.spky.fi\\\/wopr\\\/wp-content\\\/uploads\\\/2024\\\/06\\\/SPKY_MUVA_PNG.png\",\"width\":3201,\"height\":3126,\"caption\":\"Suomen Paimenkoirayhdistys ry\"},\"image\":{\"@id\":\"https:\\\/\\\/www.spky.fi\\\/wopr\\\/#\\\/schema\\\/logo\\\/image\\\/\"},\"sameAs\":[\"https:\\\/\\\/www.facebook.com\\\/SuomenPaimenkoirayhdistys\"]}]}<\/script>\n<!-- \/ Yoast SEO plugin. -->","yoast_head_json":{"title":"Lomakkeet - Suomen Paimenkoirayhdistys ry","robots":{"index":"index","follow":"follow","max-snippet":"max-snippet:-1","max-image-preview":"max-image-preview:large","max-video-preview":"max-video-preview:-1"},"canonical":"https:\/\/www.spky.fi\/wopr\/pentuvalitys\/lomakkeet\/","og_locale":"fi_FI","og_type":"article","og_title":"Lomakkeet - Suomen Paimenkoirayhdistys ry","og_description":"Lomake, jolla ilmoitetaan syntyneen tai suunnitellun pentueen tiedot: Kun l\u00e4het\u00e4t ilmoituksen s\u00e4hk\u00f6postilla, l\u00e4het\u00e4 se word-muodossa: Pentuv\u00e4litysilmoitus (word) T\u00e4yt\u00e4 ilmoitus valmiiksi asti ennen l\u00e4hett\u00e4mist\u00e4. Mik\u00e4li lomake n\u00e4kyy jo netiss\u00e4, muutoksia tehd\u00e4\u00e4n vain mik\u00e4li uros vaihtuu. Aikuisen koiran v\u00e4litysohjeet ja t\u00e4ytett\u00e4v\u00e4t lomakkeet: Myyd\u00e4\u00e4n aikuinen koira, ohjeet ja lomake.doc (word) Ostetaan aikuinen koira, lomake.doc (word) Huom! Word muotoisen &hellip; Jatka lukemista Lomakkeet &rarr;","og_url":"https:\/\/www.spky.fi\/wopr\/pentuvalitys\/lomakkeet\/","og_site_name":"Suomen Paimenkoirayhdistys ry","article_publisher":"https:\/\/www.facebook.com\/SuomenPaimenkoirayhdistys","article_modified_time":"2023-02-03T20:07:47+00:00","twitter_card":"summary_large_image","twitter_misc":{"Arvioitu lukuaika":"1 minuutti"},"schema":{"@context":"https:\/\/schema.org","@graph":[{"@type":"WebPage","@id":"https:\/\/www.spky.fi\/wopr\/pentuvalitys\/lomakkeet\/","url":"https:\/\/www.spky.fi\/wopr\/pentuvalitys\/lomakkeet\/","name":"Lomakkeet - Suomen Paimenkoirayhdistys ry","isPartOf":{"@id":"https:\/\/www.spky.fi\/wopr\/#website"},"datePublished":"2018-01-09T21:45:33+00:00","dateModified":"2023-02-03T20:07:47+00:00","breadcrumb":{"@id":"https:\/\/www.spky.fi\/wopr\/pentuvalitys\/lomakkeet\/#breadcrumb"},"inLanguage":"fi","potentialAction":[{"@type":"ReadAction","target":["https:\/\/www.spky.fi\/wopr\/pentuvalitys\/lomakkeet\/"]}]},{"@type":"BreadcrumbList","@id":"https:\/\/www.spky.fi\/wopr\/pentuvalitys\/lomakkeet\/#breadcrumb","itemListElement":[{"@type":"ListItem","position":1,"name":"Etusivu","item":"https:\/\/www.spky.fi\/wopr\/"},{"@type":"ListItem","position":2,"name":"Pentuv\u00e4litys","item":"https:\/\/www.spky.fi\/wopr\/pentuvalitys\/"},{"@type":"ListItem","position":3,"name":"Lomakkeet"}]},{"@type":"WebSite","@id":"https:\/\/www.spky.fi\/wopr\/#website","url":"https:\/\/www.spky.fi\/wopr\/","name":"Suomen Paimenkoirayhdistys ry","description":"Suomen Paimenkoirayhdistys edist&auml;&auml; paimenkoirien ty&ouml;k&auml;ytt&ouml;&auml;. Yhdistys auttaa paimenkoirakurssien, harjoitusten, kilpailujen ja n&auml;yt&ouml;sten j&auml;rjest&auml;misess&auml;.","publisher":{"@id":"https:\/\/www.spky.fi\/wopr\/#organization"},"potentialAction":[{"@type":"SearchAction","target":{"@type":"EntryPoint","urlTemplate":"https:\/\/www.spky.fi\/wopr\/?s={search_term_string}"},"query-input":{"@type":"PropertyValueSpecification","valueRequired":true,"valueName":"search_term_string"}}],"inLanguage":"fi"},{"@type":"Organization","@id":"https:\/\/www.spky.fi\/wopr\/#organization","name":"Suomen Paimenkoirayhdistys ry","url":"https:\/\/www.spky.fi\/wopr\/","logo":{"@type":"ImageObject","inLanguage":"fi","@id":"https:\/\/www.spky.fi\/wopr\/#\/schema\/logo\/image\/","url":"https:\/\/www.spky.fi\/wopr\/wp-content\/uploads\/2024\/06\/SPKY_MUVA_PNG.png","contentUrl":"https:\/\/www.spky.fi\/wopr\/wp-content\/uploads\/2024\/06\/SPKY_MUVA_PNG.png","width":3201,"height":3126,"caption":"Suomen Paimenkoirayhdistys ry"},"image":{"@id":"https:\/\/www.spky.fi\/wopr\/#\/schema\/logo\/image\/"},"sameAs":["https:\/\/www.facebook.com\/SuomenPaimenkoirayhdistys"]}]}},"jetpack_sharing_enabled":true,"jetpack_shortlink":"https:\/\/wp.me\/PaLGv4-3j","_links":{"self":[{"href":"https:\/\/www.spky.fi\/wopr\/wp-json\/wp\/v2\/pages\/205","targetHints":{"allow":["GET"]}}],"collection":[{"href":"https:\/\/www.spky.fi\/wopr\/wp-json\/wp\/v2\/pages"}],"about":[{"href":"https:\/\/www.spky.fi\/wopr\/wp-json\/wp\/v2\/types\/page"}],"author":[{"embeddable":true,"href":"https:\/\/www.spky.fi\/wopr\/wp-json\/wp\/v2\/users\/1"}],"replies":[{"embeddable":true,"href":"https:\/\/www.spky.fi\/wopr\/wp-json\/wp\/v2\/comments?post=205"}],"version-history":[{"count":46,"href":"https:\/\/www.spky.fi\/wopr\/wp-json\/wp\/v2\/pages\/205\/revisions"}],"predecessor-version":[{"id":4331,"href":"https:\/\/www.spky.fi\/wopr\/wp-json\/wp\/v2\/pages\/205\/revisions\/4331"}],"up":[{"embeddable":true,"href":"https:\/\/www.spky.fi\/wopr\/wp-json\/wp\/v2\/pages\/199"}],"wp:attachment":[{"href":"https:\/\/www.spky.fi\/wopr\/wp-json\/wp\/v2\/media?parent=205"}],"curies":[{"name":"wp","href":"https:\/\/api.w.org\/{rel}","templated":true}]}}