{"id":4299,"date":"2023-01-25T19:26:31","date_gmt":"2023-01-25T19:26:31","guid":{"rendered":"https:\/\/www.spky.fi\/wopr\/?page_id=4299"},"modified":"2025-12-26T20:46:39","modified_gmt":"2025-12-26T20:46:39","slug":"lahtolistat-ja-tulokset-vanhat","status":"publish","type":"page","link":"https:\/\/www.spky.fi\/wopr\/lahtolistat-ja-tulokset-vanhat\/","title":{"rendered":"Vanhat l\u00e4ht\u00f6listat ja tulokset"},"content":{"rendered":"<p><\/p>\r\n<ul>\r\n\t<li><a href=\"https:\/\/www.spky.fi\/wopr\/lahtolistat-ja-tulokset-2025\/\" target=\"_blank\" rel=\"noopener\"><strong>L\u00e4ht\u00f6listat ja tulokset 2025<\/strong><\/a><\/li>\r\n\t<li><a href=\"https:\/\/www.spky.fi\/wopr\/kilpailukalenteri-2025\/\" target=\"_blank\" rel=\"noopener\"><strong>Kilpailukalenteri 2025<\/strong><\/a><\/li>\r\n\t<li><strong><a href=\"https:\/\/www.spky.fi\/wopr\/lahtolistat-ja-tulokset-2024\/\" target=\"_blank\" rel=\"noopener\">L\u00e4ht\u00f6listat ja tulokset 2024<\/a><\/strong><\/li>\r\n\t<li><a href=\"https:\/\/www.spky.fi\/wopr\/kilpailukalenteri-2024\/\" target=\"_blank\" rel=\"noopener\"><strong>Kilpailukalenteri 2024<\/strong><\/a><\/li>\r\n\t<li><a href=\"https:\/\/www.spky.fi\/wopr\/lahtolistat-ja-tulokset-2023\/\" target=\"_blank\" rel=\"noopener\"><strong>L\u00e4ht\u00f6listat ja tulokset 2023<\/strong><\/a><\/li>\r\n\t<li><a href=\"https:\/\/www.spky.fi\/wopr\/kilpailu_asiat\/kilpailukalenteri-2023\/\" target=\"_blank\" rel=\"noopener\"><strong>Kilpailukalenteri 2023<\/strong><\/a><\/li>\r\n\t<li><a href=\"https:\/\/www.spky.fi\/wopr\/lahtolistat-ja-tulokset-2022\/\" target=\"_blank\" rel=\"noopener\"><strong>L\u00e4ht\u00f6listat ja tulokset 2022<\/strong><\/a><\/li>\r\n\t<li><a href=\"https:\/\/www.spky.fi\/wopr\/kilpailu_asiat\/lahtolistat-ja-tulokset-2021\/\" target=\"_blank\" rel=\"noopener\"><strong>L\u00e4ht\u00f6listat 2021<\/strong><\/a><\/li>\r\n\t<li><strong style=\"font-size: revert;\"><a href=\"https:\/\/www.spky.fi\/kannantestaus\/kisat\/\" target=\"_blank\" rel=\"noopener\">L\u00e4ht\u00f6listat ja tulokset 2018-2020<\/a><\/strong><\/li>\r\n<\/ul>\r\n<p>&nbsp;<\/p>\r\n<p>&nbsp;<\/p>\r\n","protected":false},"excerpt":{"rendered":"<p>L\u00e4ht\u00f6listat ja tulokset 2025 Kilpailukalenteri 2025 L\u00e4ht\u00f6listat ja tulokset 2024 Kilpailukalenteri 2024 L\u00e4ht\u00f6listat ja tulokset 2023 Kilpailukalenteri 2023 L\u00e4ht\u00f6listat ja tulokset 2022 L\u00e4ht\u00f6listat 2021 L\u00e4ht\u00f6listat ja tulokset 2018-2020 &nbsp; &nbsp;<\/p>\n","protected":false},"author":2,"featured_media":0,"parent":0,"menu_order":0,"comment_status":"closed","ping_status":"closed","template":"","meta":{"jetpack_post_was_ever_published":false,"footnotes":""},"class_list":["post-4299","page","type-page","status-publish","hentry"],"yoast_head":"<!-- This site is optimized with the Yoast SEO plugin v27.5 - https:\/\/yoast.com\/product\/yoast-seo-wordpress\/ -->\n<title>Vanhat l\u00e4ht\u00f6listat ja tulokset - Suomen Paimenkoirayhdistys ry<\/title>\n<meta name=\"robots\" content=\"index, follow, max-snippet:-1, max-image-preview:large, max-video-preview:-1\" \/>\n<link rel=\"canonical\" href=\"https:\/\/www.spky.fi\/wopr\/lahtolistat-ja-tulokset-vanhat\/\" \/>\n<meta property=\"og:locale\" content=\"fi_FI\" \/>\n<meta property=\"og:type\" content=\"article\" \/>\n<meta property=\"og:title\" content=\"Vanhat l\u00e4ht\u00f6listat ja tulokset - Suomen Paimenkoirayhdistys ry\" \/>\n<meta property=\"og:description\" content=\"L\u00e4ht\u00f6listat ja tulokset 2025 Kilpailukalenteri 2025 L\u00e4ht\u00f6listat ja tulokset 2024 Kilpailukalenteri 2024 L\u00e4ht\u00f6listat ja tulokset 2023 Kilpailukalenteri 2023 L\u00e4ht\u00f6listat ja tulokset 2022 L\u00e4ht\u00f6listat 2021 L\u00e4ht\u00f6listat ja tulokset 2018-2020 &nbsp; &nbsp;\" \/>\n<meta property=\"og:url\" content=\"https:\/\/www.spky.fi\/wopr\/lahtolistat-ja-tulokset-vanhat\/\" \/>\n<meta property=\"og:site_name\" content=\"Suomen Paimenkoirayhdistys ry\" \/>\n<meta property=\"article:publisher\" content=\"https:\/\/www.facebook.com\/SuomenPaimenkoirayhdistys\" \/>\n<meta property=\"article:modified_time\" content=\"2025-12-26T20:46:39+00:00\" \/>\n<meta name=\"twitter:card\" content=\"summary_large_image\" \/>\n<meta name=\"twitter:label1\" content=\"Arvioitu lukuaika\" \/>\n\t<meta name=\"twitter:data1\" content=\"1 minuutti\" \/>\n<script type=\"application\/ld+json\" class=\"yoast-schema-graph\">{\"@context\":\"https:\\\/\\\/schema.org\",\"@graph\":[{\"@type\":\"WebPage\",\"@id\":\"https:\\\/\\\/www.spky.fi\\\/wopr\\\/lahtolistat-ja-tulokset-vanhat\\\/\",\"url\":\"https:\\\/\\\/www.spky.fi\\\/wopr\\\/lahtolistat-ja-tulokset-vanhat\\\/\",\"name\":\"Vanhat l\u00e4ht\u00f6listat ja tulokset - Suomen Paimenkoirayhdistys ry\",\"isPartOf\":{\"@id\":\"https:\\\/\\\/www.spky.fi\\\/wopr\\\/#website\"},\"datePublished\":\"2023-01-25T19:26:31+00:00\",\"dateModified\":\"2025-12-26T20:46:39+00:00\",\"breadcrumb\":{\"@id\":\"https:\\\/\\\/www.spky.fi\\\/wopr\\\/lahtolistat-ja-tulokset-vanhat\\\/#breadcrumb\"},\"inLanguage\":\"fi\",\"potentialAction\":[{\"@type\":\"ReadAction\",\"target\":[\"https:\\\/\\\/www.spky.fi\\\/wopr\\\/lahtolistat-ja-tulokset-vanhat\\\/\"]}]},{\"@type\":\"BreadcrumbList\",\"@id\":\"https:\\\/\\\/www.spky.fi\\\/wopr\\\/lahtolistat-ja-tulokset-vanhat\\\/#breadcrumb\",\"itemListElement\":[{\"@type\":\"ListItem\",\"position\":1,\"name\":\"Etusivu\",\"item\":\"https:\\\/\\\/www.spky.fi\\\/wopr\\\/\"},{\"@type\":\"ListItem\",\"position\":2,\"name\":\"Vanhat l\u00e4ht\u00f6listat ja tulokset\"}]},{\"@type\":\"WebSite\",\"@id\":\"https:\\\/\\\/www.spky.fi\\\/wopr\\\/#website\",\"url\":\"https:\\\/\\\/www.spky.fi\\\/wopr\\\/\",\"name\":\"Suomen Paimenkoirayhdistys ry\",\"description\":\"Suomen Paimenkoirayhdistys edist&auml;&auml; paimenkoirien ty&ouml;k&auml;ytt&ouml;&auml;. Yhdistys auttaa paimenkoirakurssien, harjoitusten, kilpailujen ja n&auml;yt&ouml;sten j&auml;rjest&auml;misess&auml;.\",\"publisher\":{\"@id\":\"https:\\\/\\\/www.spky.fi\\\/wopr\\\/#organization\"},\"potentialAction\":[{\"@type\":\"SearchAction\",\"target\":{\"@type\":\"EntryPoint\",\"urlTemplate\":\"https:\\\/\\\/www.spky.fi\\\/wopr\\\/?s={search_term_string}\"},\"query-input\":{\"@type\":\"PropertyValueSpecification\",\"valueRequired\":true,\"valueName\":\"search_term_string\"}}],\"inLanguage\":\"fi\"},{\"@type\":\"Organization\",\"@id\":\"https:\\\/\\\/www.spky.fi\\\/wopr\\\/#organization\",\"name\":\"Suomen Paimenkoirayhdistys ry\",\"url\":\"https:\\\/\\\/www.spky.fi\\\/wopr\\\/\",\"logo\":{\"@type\":\"ImageObject\",\"inLanguage\":\"fi\",\"@id\":\"https:\\\/\\\/www.spky.fi\\\/wopr\\\/#\\\/schema\\\/logo\\\/image\\\/\",\"url\":\"https:\\\/\\\/www.spky.fi\\\/wopr\\\/wp-content\\\/uploads\\\/2024\\\/06\\\/SPKY_MUVA_PNG.png\",\"contentUrl\":\"https:\\\/\\\/www.spky.fi\\\/wopr\\\/wp-content\\\/uploads\\\/2024\\\/06\\\/SPKY_MUVA_PNG.png\",\"width\":3201,\"height\":3126,\"caption\":\"Suomen Paimenkoirayhdistys ry\"},\"image\":{\"@id\":\"https:\\\/\\\/www.spky.fi\\\/wopr\\\/#\\\/schema\\\/logo\\\/image\\\/\"},\"sameAs\":[\"https:\\\/\\\/www.facebook.com\\\/SuomenPaimenkoirayhdistys\"]}]}<\/script>\n<!-- \/ Yoast SEO plugin. -->","yoast_head_json":{"title":"Vanhat l\u00e4ht\u00f6listat ja tulokset - Suomen Paimenkoirayhdistys ry","robots":{"index":"index","follow":"follow","max-snippet":"max-snippet:-1","max-image-preview":"max-image-preview:large","max-video-preview":"max-video-preview:-1"},"canonical":"https:\/\/www.spky.fi\/wopr\/lahtolistat-ja-tulokset-vanhat\/","og_locale":"fi_FI","og_type":"article","og_title":"Vanhat l\u00e4ht\u00f6listat ja tulokset - Suomen Paimenkoirayhdistys ry","og_description":"L\u00e4ht\u00f6listat ja tulokset 2025 Kilpailukalenteri 2025 L\u00e4ht\u00f6listat ja tulokset 2024 Kilpailukalenteri 2024 L\u00e4ht\u00f6listat ja tulokset 2023 Kilpailukalenteri 2023 L\u00e4ht\u00f6listat ja tulokset 2022 L\u00e4ht\u00f6listat 2021 L\u00e4ht\u00f6listat ja tulokset 2018-2020 &nbsp; &nbsp;","og_url":"https:\/\/www.spky.fi\/wopr\/lahtolistat-ja-tulokset-vanhat\/","og_site_name":"Suomen Paimenkoirayhdistys ry","article_publisher":"https:\/\/www.facebook.com\/SuomenPaimenkoirayhdistys","article_modified_time":"2025-12-26T20:46:39+00:00","twitter_card":"summary_large_image","twitter_misc":{"Arvioitu lukuaika":"1 minuutti"},"schema":{"@context":"https:\/\/schema.org","@graph":[{"@type":"WebPage","@id":"https:\/\/www.spky.fi\/wopr\/lahtolistat-ja-tulokset-vanhat\/","url":"https:\/\/www.spky.fi\/wopr\/lahtolistat-ja-tulokset-vanhat\/","name":"Vanhat l\u00e4ht\u00f6listat ja tulokset - Suomen Paimenkoirayhdistys ry","isPartOf":{"@id":"https:\/\/www.spky.fi\/wopr\/#website"},"datePublished":"2023-01-25T19:26:31+00:00","dateModified":"2025-12-26T20:46:39+00:00","breadcrumb":{"@id":"https:\/\/www.spky.fi\/wopr\/lahtolistat-ja-tulokset-vanhat\/#breadcrumb"},"inLanguage":"fi","potentialAction":[{"@type":"ReadAction","target":["https:\/\/www.spky.fi\/wopr\/lahtolistat-ja-tulokset-vanhat\/"]}]},{"@type":"BreadcrumbList","@id":"https:\/\/www.spky.fi\/wopr\/lahtolistat-ja-tulokset-vanhat\/#breadcrumb","itemListElement":[{"@type":"ListItem","position":1,"name":"Etusivu","item":"https:\/\/www.spky.fi\/wopr\/"},{"@type":"ListItem","position":2,"name":"Vanhat l\u00e4ht\u00f6listat ja tulokset"}]},{"@type":"WebSite","@id":"https:\/\/www.spky.fi\/wopr\/#website","url":"https:\/\/www.spky.fi\/wopr\/","name":"Suomen Paimenkoirayhdistys ry","description":"Suomen Paimenkoirayhdistys edist&auml;&auml; paimenkoirien ty&ouml;k&auml;ytt&ouml;&auml;. Yhdistys auttaa paimenkoirakurssien, harjoitusten, kilpailujen ja n&auml;yt&ouml;sten j&auml;rjest&auml;misess&auml;.","publisher":{"@id":"https:\/\/www.spky.fi\/wopr\/#organization"},"potentialAction":[{"@type":"SearchAction","target":{"@type":"EntryPoint","urlTemplate":"https:\/\/www.spky.fi\/wopr\/?s={search_term_string}"},"query-input":{"@type":"PropertyValueSpecification","valueRequired":true,"valueName":"search_term_string"}}],"inLanguage":"fi"},{"@type":"Organization","@id":"https:\/\/www.spky.fi\/wopr\/#organization","name":"Suomen Paimenkoirayhdistys ry","url":"https:\/\/www.spky.fi\/wopr\/","logo":{"@type":"ImageObject","inLanguage":"fi","@id":"https:\/\/www.spky.fi\/wopr\/#\/schema\/logo\/image\/","url":"https:\/\/www.spky.fi\/wopr\/wp-content\/uploads\/2024\/06\/SPKY_MUVA_PNG.png","contentUrl":"https:\/\/www.spky.fi\/wopr\/wp-content\/uploads\/2024\/06\/SPKY_MUVA_PNG.png","width":3201,"height":3126,"caption":"Suomen Paimenkoirayhdistys ry"},"image":{"@id":"https:\/\/www.spky.fi\/wopr\/#\/schema\/logo\/image\/"},"sameAs":["https:\/\/www.facebook.com\/SuomenPaimenkoirayhdistys"]}]}},"jetpack_sharing_enabled":true,"jetpack_shortlink":"https:\/\/wp.me\/PaLGv4-17l","_links":{"self":[{"href":"https:\/\/www.spky.fi\/wopr\/wp-json\/wp\/v2\/pages\/4299","targetHints":{"allow":["GET"]}}],"collection":[{"href":"https:\/\/www.spky.fi\/wopr\/wp-json\/wp\/v2\/pages"}],"about":[{"href":"https:\/\/www.spky.fi\/wopr\/wp-json\/wp\/v2\/types\/page"}],"author":[{"embeddable":true,"href":"https:\/\/www.spky.fi\/wopr\/wp-json\/wp\/v2\/users\/2"}],"replies":[{"embeddable":true,"href":"https:\/\/www.spky.fi\/wopr\/wp-json\/wp\/v2\/comments?post=4299"}],"version-history":[{"count":15,"href":"https:\/\/www.spky.fi\/wopr\/wp-json\/wp\/v2\/pages\/4299\/revisions"}],"predecessor-version":[{"id":8317,"href":"https:\/\/www.spky.fi\/wopr\/wp-json\/wp\/v2\/pages\/4299\/revisions\/8317"}],"wp:attachment":[{"href":"https:\/\/www.spky.fi\/wopr\/wp-json\/wp\/v2\/media?parent=4299"}],"curies":[{"name":"wp","href":"https:\/\/api.w.org\/{rel}","templated":true}]}}